Last updated on 2022-08-15 08:50:09 CEST.
Flavor | Version | Tinstall | Tcheck | Ttotal | Status | Flags |
---|---|---|---|---|---|---|
r-devel-linux-x86_64-debian-clang | 1.2-8 | 16.03 | 200.18 | 216.21 | OK | |
r-devel-linux-x86_64-debian-gcc | 1.2-8 | 11.99 | 149.92 | 161.91 | OK | |
r-devel-linux-x86_64-fedora-clang | 1.2-8 | 270.22 | OK | |||
r-devel-linux-x86_64-fedora-gcc | 1.2-8 | 281.81 | OK | |||
r-devel-windows-x86_64 | 1.2-8 | 86.00 | 304.00 | 390.00 | OK | |
r-patched-linux-x86_64 | 1.2-8 | 18.39 | 192.14 | 210.53 | OK | |
r-release-linux-x86_64 | 1.2-8 | 14.97 | 189.54 | 204.51 | OK | |
r-release-macos-arm64 | 1.2-8 | 95.00 | NOTE | |||
r-release-macos-x86_64 | 1.2-8 | 134.00 | OK | |||
r-release-windows-x86_64 | 1.2-8 | 125.00 | 304.00 | 429.00 | OK | |
r-oldrel-macos-arm64 | 1.2-8 | 89.00 | OK | |||
r-oldrel-macos-x86_64 | 1.2-8 | 133.00 | OK | |||
r-oldrel-windows-ix86+x86_64 | 1.2-8 | 28.00 | 271.00 | 299.00 | OK |
Version: 1.2-8
Check: package dependencies
Result: NOTE
Package suggested but not available for checking: ‘sftime’
Flavor: r-release-macos-arm64