Last updated on 2022-08-15 08:50:09 CEST.
Flavor | Version | Tinstall | Tcheck | Ttotal | Status | Flags |
---|---|---|---|---|---|---|
r-devel-linux-x86_64-debian-clang | 1.2.1 | 10.25 | 89.90 | 100.15 | OK | |
r-devel-linux-x86_64-debian-gcc | 1.2.1 | 6.12 | 67.40 | 73.52 | OK | |
r-devel-linux-x86_64-fedora-clang | 1.2.1 | 130.58 | NOTE | |||
r-devel-linux-x86_64-fedora-gcc | 1.2.1 | 128.63 | NOTE | |||
r-devel-windows-x86_64 | 1.2.1 | 14.00 | 111.00 | 125.00 | OK | |
r-patched-linux-x86_64 | 1.2.1 | 7.23 | 81.65 | 88.88 | OK | |
r-release-linux-x86_64 | 1.2.1 | 9.90 | 82.49 | 92.39 | OK | |
r-release-macos-arm64 | 1.2.1 | 34.00 | NOTE | |||
r-release-macos-x86_64 | 1.2.1 | 52.00 | NOTE | |||
r-release-windows-x86_64 | 1.2.1 | 19.00 | 105.00 | 124.00 | OK | |
r-oldrel-macos-arm64 | 1.2.1 | 43.00 | NOTE | |||
r-oldrel-macos-x86_64 | 1.2.1 | 61.00 | NOTE | |||
r-oldrel-windows-ix86+x86_64 | 1.2.1 | 23.00 | 108.00 | 131.00 | OK |
Version: 1.2.1
Check: data for non-ASCII characters
Result: NOTE
Note: found 1 marked UTF-8 string
Flavors: r-devel-linux-x86_64-fedora-clang, r-devel-linux-x86_64-fedora-gcc, r-release-macos-arm64, r-release-macos-x86_64, r-oldrel-macos-arm64, r-oldrel-macos-x86_64