Last updated on 2022-08-15 08:50:09 CEST.
Flavor | Version | Tinstall | Tcheck | Ttotal | Status | Flags |
---|---|---|---|---|---|---|
r-devel-linux-x86_64-debian-clang | 2.1.0 | 24.13 | 252.90 | 277.03 | NOTE | |
r-devel-linux-x86_64-debian-gcc | 2.1.0 | 20.58 | 195.26 | 215.84 | NOTE | |
r-devel-linux-x86_64-fedora-clang | 2.1.0 | 346.24 | NOTE | |||
r-devel-linux-x86_64-fedora-gcc | 2.1.0 | 354.60 | NOTE | |||
r-devel-windows-x86_64 | 2.1.0 | 66.00 | 297.00 | 363.00 | OK | |
r-patched-linux-x86_64 | 2.1.0 | 26.60 | 242.89 | 269.49 | OK | |
r-release-linux-x86_64 | 2.1.0 | 18.73 | 244.31 | 263.04 | OK | |
r-release-macos-arm64 | 2.1.0 | 107.00 | OK | |||
r-release-macos-x86_64 | 2.1.0 | 161.00 | OK | |||
r-release-windows-x86_64 | 2.1.0 | 140.00 | 627.00 | 767.00 | OK | |
r-oldrel-macos-arm64 | 2.1.0 | 101.00 | OK | |||
r-oldrel-macos-x86_64 | 2.1.0 | 164.00 | OK | |||
r-oldrel-windows-ix86+x86_64 | 2.1.0 | 46.00 | 392.00 | 438.00 | OK |
Version: 2.1.0
Check: HTML version of manual
Result: NOTE
Found the following HTML validation problems:
varpro_3_para_opts.html:19:1: Warning: missing </h2> before <ul>
varpro_3_para_opts.html:31:1: Warning: discarding unexpected </h2>
Flavors: r-devel-linux-x86_64-debian-clang, r-devel-linux-x86_64-debian-gcc, r-devel-linux-x86_64-fedora-clang, r-devel-linux-x86_64-fedora-gcc