Last updated on 2022-08-15 08:50:09 CEST.
Flavor | Version | Tinstall | Tcheck | Ttotal | Status | Flags |
---|---|---|---|---|---|---|
r-devel-linux-x86_64-debian-clang | 0.1.1 | 8.21 | 63.03 | 71.24 | NOTE | |
r-devel-linux-x86_64-debian-gcc | 0.1.1 | 5.79 | 47.08 | 52.87 | NOTE | |
r-devel-linux-x86_64-fedora-clang | 0.1.1 | 94.68 | NOTE | |||
r-devel-linux-x86_64-fedora-gcc | 0.1.1 | 90.93 | NOTE | |||
r-devel-windows-x86_64 | 0.1.1 | 13.00 | 83.00 | 96.00 | NOTE | |
r-patched-linux-x86_64 | 0.1.1 | 5.46 | 58.74 | 64.20 | NOTE | |
r-release-linux-x86_64 | 0.1.1 | 4.95 | 59.10 | 64.05 | NOTE | |
r-release-macos-arm64 | 0.1.1 | 26.00 | NOTE | |||
r-release-macos-x86_64 | 0.1.1 | 44.00 | NOTE | |||
r-release-windows-x86_64 | 0.1.1 | 11.00 | 80.00 | 91.00 | NOTE | |
r-oldrel-macos-arm64 | 0.1.1 | 29.00 | NOTE | |||
r-oldrel-macos-x86_64 | 0.1.1 | 48.00 | NOTE | |||
r-oldrel-windows-ix86+x86_64 | 0.1.1 | 18.00 | 80.00 | 98.00 | NOTE |
Version: 0.1.1
Check: LazyData
Result: NOTE
'LazyData' is specified without a 'data' directory
Flavors: r-devel-linux-x86_64-debian-clang, r-devel-linux-x86_64-debian-gcc, r-devel-linux-x86_64-fedora-clang, r-devel-linux-x86_64-fedora-gcc, r-devel-windows-x86_64, r-patched-linux-x86_64, r-release-linux-x86_64, r-release-macos-arm64, r-release-macos-x86_64, r-release-windows-x86_64, r-oldrel-macos-arm64, r-oldrel-macos-x86_64, r-oldrel-windows-ix86+x86_64