Last updated on 2022-08-15 08:50:09 CEST.
Flavor | Version | Tinstall | Tcheck | Ttotal | Status | Flags |
---|---|---|---|---|---|---|
r-devel-linux-x86_64-debian-clang | 0.1.0 | 2.92 | 126.43 | 129.35 | NOTE | |
r-devel-linux-x86_64-debian-gcc | 0.1.0 | 2.20 | 98.76 | 100.96 | NOTE | |
r-devel-linux-x86_64-fedora-clang | 0.1.0 | 169.76 | NOTE | |||
r-devel-linux-x86_64-fedora-gcc | 0.1.0 | 191.71 | NOTE | |||
r-devel-windows-x86_64 | 0.1.0 | 27.00 | 145.00 | 172.00 | NOTE | |
r-patched-linux-x86_64 | 0.1.0 | 2.76 | 125.25 | 128.01 | NOTE | |
r-release-linux-x86_64 | 0.1.0 | 2.71 | 127.75 | 130.46 | NOTE | |
r-release-macos-arm64 | 0.1.0 | 53.00 | NOTE | |||
r-release-macos-x86_64 | 0.1.0 | 72.00 | NOTE | |||
r-release-windows-x86_64 | 0.1.0 | 22.00 | 146.00 | 168.00 | NOTE | |
r-oldrel-macos-arm64 | 0.1.0 | 59.00 | NOTE | |||
r-oldrel-macos-x86_64 | 0.1.0 | 103.00 | NOTE | |||
r-oldrel-windows-ix86+x86_64 | 0.1.0 | 6.00 | 160.00 | 166.00 | NOTE |
Version: 0.1.0
Check: LazyData
Result: NOTE
'LazyData' is specified without a 'data' directory
Flavors: r-devel-linux-x86_64-debian-clang, r-devel-linux-x86_64-debian-gcc, r-devel-linux-x86_64-fedora-clang, r-devel-linux-x86_64-fedora-gcc, r-devel-windows-x86_64, r-patched-linux-x86_64, r-release-linux-x86_64, r-release-macos-arm64, r-release-macos-x86_64, r-release-windows-x86_64, r-oldrel-macos-arm64, r-oldrel-macos-x86_64, r-oldrel-windows-ix86+x86_64