Last updated on 2022-08-15 08:50:09 CEST.
Flavor | Version | Tinstall | Tcheck | Ttotal | Status | Flags |
---|---|---|---|---|---|---|
r-devel-linux-x86_64-debian-clang | 0.0.8 | 5.28 | 65.66 | 70.94 | NOTE | |
r-devel-linux-x86_64-debian-gcc | 0.0.8 | 3.68 | 48.63 | 52.31 | NOTE | |
r-devel-linux-x86_64-fedora-clang | 0.0.8 | 91.53 | NOTE | |||
r-devel-linux-x86_64-fedora-gcc | 0.0.8 | 89.37 | NOTE | |||
r-devel-windows-x86_64 | 0.0.8 | 115.00 | 80.00 | 195.00 | OK | |
r-patched-linux-x86_64 | 0.0.8 | 5.86 | 60.69 | 66.55 | NOTE | |
r-release-linux-x86_64 | 0.0.8 | 4.21 | 60.54 | 64.75 | NOTE | |
r-release-macos-arm64 | 0.0.8 | 24.00 | OK | |||
r-release-macos-x86_64 | 0.0.8 | 40.00 | NOTE | |||
r-release-windows-x86_64 | 0.0.8 | 113.00 | 80.00 | 193.00 | OK | |
r-oldrel-macos-arm64 | 0.0.8 | 35.00 | NOTE | |||
r-oldrel-macos-x86_64 | 0.0.8 | 47.00 | OK | |||
r-oldrel-windows-ix86+x86_64 | 0.0.8 | 8.00 | 79.00 | 87.00 | OK |
Version: 0.0.8
Check: Rd cross-references
Result: NOTE
Unknown package 'sparsebn' in Rd xrefs
Flavors: r-devel-linux-x86_64-debian-clang, r-devel-linux-x86_64-debian-gcc, r-devel-linux-x86_64-fedora-gcc, r-patched-linux-x86_64, r-release-linux-x86_64, r-release-macos-x86_64
Version: 0.0.8
Check: Rd cross-references
Result: NOTE
Undeclared package ‘sparsebn’ in Rd xrefs
Unknown package ‘sparsebn’ in Rd xrefs
Flavor: r-devel-linux-x86_64-fedora-clang
Version: 0.0.8
Check: package dependencies
Result: NOTE
Package suggested but not available for checking: ‘RCy3’
Flavor: r-oldrel-macos-arm64
Version: 0.0.8
Check: Rd cross-references
Result: NOTE
Package unavailable to check Rd xrefs: ‘RCy3’
Flavor: r-oldrel-macos-arm64