Last updated on 2022-08-15 08:50:09 CEST.
Flavor | Version | Tinstall | Tcheck | Ttotal | Status | Flags |
---|---|---|---|---|---|---|
r-devel-linux-x86_64-debian-clang | 1.2 | 75.90 | 136.95 | 212.85 | OK | |
r-devel-linux-x86_64-debian-gcc | 1.2 | 57.52 | 99.28 | 156.80 | OK | |
r-devel-linux-x86_64-fedora-clang | 1.2 | 281.27 | NOTE | |||
r-devel-linux-x86_64-fedora-gcc | 1.2 | 266.74 | NOTE | |||
r-devel-windows-x86_64 | 1.2 | 65.00 | 167.00 | 232.00 | OK | |
r-patched-linux-x86_64 | 1.2 | 68.31 | 126.49 | 194.80 | OK | |
r-release-linux-x86_64 | 1.2 | 65.72 | 126.41 | 192.13 | OK | |
r-release-macos-arm64 | 1.2 | 67.00 | OK | |||
r-release-macos-x86_64 | 1.2 | 129.00 | OK | |||
r-release-windows-x86_64 | 1.2 | 66.00 | 169.00 | 235.00 | OK | |
r-oldrel-macos-arm64 | 1.2 | 74.00 | OK | |||
r-oldrel-macos-x86_64 | 1.2 | 130.00 | OK | |||
r-oldrel-windows-ix86+x86_64 | 1.2 | 180.00 | 201.00 | 381.00 | OK |
Version: 1.2
Check: compiled code
Result: NOTE
File ‘sparsereg/libs/sparsereg.so’:
Found no calls to: ‘R_registerRoutines’, ‘R_useDynamicSymbols’
It is good practice to register native routines and to disable symbol
search.
See ‘Writing portable packages’ in the ‘Writing R Extensions’ manual.
Flavors: r-devel-linux-x86_64-fedora-clang, r-devel-linux-x86_64-fedora-gcc