Last updated on 2022-08-15 08:50:09 CEST.
Flavor | Version | Tinstall | Tcheck | Ttotal | Status | Flags |
---|---|---|---|---|---|---|
r-devel-linux-x86_64-debian-clang | 0.2 | 8.74 | 86.09 | 94.83 | NOTE | |
r-devel-linux-x86_64-debian-gcc | 0.2 | 7.98 | 66.17 | 74.15 | NOTE | |
r-devel-linux-x86_64-fedora-clang | 0.2 | 122.82 | NOTE | |||
r-devel-linux-x86_64-fedora-gcc | 0.2 | 124.71 | NOTE | |||
r-devel-windows-x86_64 | 0.2 | 21.00 | 107.00 | 128.00 | NOTE | |
r-patched-linux-x86_64 | 0.2 | 10.39 | 82.45 | 92.84 | NOTE | |
r-release-linux-x86_64 | 0.2 | 8.89 | 84.21 | 93.10 | NOTE | |
r-release-macos-arm64 | 0.2 | 40.00 | NOTE | |||
r-release-macos-x86_64 | 0.2 | 55.00 | NOTE | |||
r-release-windows-x86_64 | 0.2 | 18.00 | 108.00 | 126.00 | NOTE | |
r-oldrel-macos-arm64 | 0.2 | 47.00 | NOTE | |||
r-oldrel-macos-x86_64 | 0.2 | 79.00 | NOTE | |||
r-oldrel-windows-ix86+x86_64 | 0.2 | 24.00 | 156.00 | 180.00 | NOTE |
Version: 0.2
Check: LazyData
Result: NOTE
'LazyData' is specified without a 'data' directory
Flavors: r-devel-linux-x86_64-debian-clang, r-devel-linux-x86_64-debian-gcc, r-devel-linux-x86_64-fedora-clang, r-devel-linux-x86_64-fedora-gcc, r-devel-windows-x86_64, r-patched-linux-x86_64, r-release-linux-x86_64, r-release-macos-arm64, r-release-macos-x86_64, r-release-windows-x86_64, r-oldrel-macos-arm64, r-oldrel-macos-x86_64, r-oldrel-windows-ix86+x86_64