Last updated on 2022-08-15 08:50:09 CEST.
Flavor | Version | Tinstall | Tcheck | Ttotal | Status | Flags |
---|---|---|---|---|---|---|
r-devel-linux-x86_64-debian-clang | 1.3 | 37.12 | 129.15 | 166.27 | NOTE | |
r-devel-linux-x86_64-debian-gcc | 1.3 | 28.09 | 93.40 | 121.49 | NOTE | |
r-devel-linux-x86_64-fedora-clang | 1.3 | 208.32 | NOTE | |||
r-devel-linux-x86_64-fedora-gcc | 1.3 | 200.09 | NOTE | |||
r-devel-windows-x86_64 | 1.3 | 37.00 | 166.00 | 203.00 | NOTE | |
r-patched-linux-x86_64 | 1.3 | 32.54 | 116.69 | 149.23 | NOTE | |
r-release-linux-x86_64 | 1.3 | 23.68 | 119.05 | 142.73 | NOTE | |
r-release-macos-arm64 | 1.3 | 51.00 | NOTE | |||
r-release-macos-x86_64 | 1.3 | 96.00 | NOTE | |||
r-release-windows-x86_64 | 1.3 | 37.00 | 171.00 | 208.00 | NOTE | |
r-oldrel-macos-arm64 | 1.3 | 56.00 | NOTE | |||
r-oldrel-macos-x86_64 | 1.3 | 99.00 | NOTE | |||
r-oldrel-windows-ix86+x86_64 | 1.3 | 80.00 | 203.00 | 283.00 | NOTE |
Version: 1.3
Check: LazyData
Result: NOTE
'LazyData' is specified without a 'data' directory
Flavors: r-devel-linux-x86_64-debian-clang, r-devel-linux-x86_64-debian-gcc, r-devel-linux-x86_64-fedora-clang, r-devel-linux-x86_64-fedora-gcc, r-devel-windows-x86_64, r-patched-linux-x86_64, r-release-linux-x86_64, r-release-macos-arm64, r-release-macos-x86_64, r-release-windows-x86_64, r-oldrel-macos-arm64, r-oldrel-macos-x86_64, r-oldrel-windows-ix86+x86_64