Last updated on 2022-08-15 08:50:09 CEST.
Flavor | Version | Tinstall | Tcheck | Ttotal | Status | Flags |
---|---|---|---|---|---|---|
r-devel-linux-x86_64-debian-clang | 1.3-7 | 37.99 | 461.19 | 499.18 | NOTE | |
r-devel-linux-x86_64-debian-gcc | 1.3-7 | 31.83 | 336.21 | 368.04 | NOTE | |
r-devel-linux-x86_64-fedora-clang | 1.3-7 | 587.01 | NOTE | |||
r-devel-linux-x86_64-fedora-gcc | 1.3-7 | 612.63 | NOTE | |||
r-devel-windows-x86_64 | 1.3-7 | 132.00 | 567.00 | 699.00 | ERROR | |
r-patched-linux-x86_64 | 1.3-7 | 35.57 | 441.39 | 476.96 | NOTE | |
r-release-linux-x86_64 | 1.3-7 | 31.91 | 433.42 | 465.33 | NOTE | |
r-release-macos-arm64 | 1.3-7 | 187.00 | OK | |||
r-release-macos-x86_64 | 1.3-7 | 238.00 | OK | |||
r-release-windows-x86_64 | 1.3-7 | 111.00 | 597.00 | 708.00 | ERROR | |
r-oldrel-macos-arm64 | 1.3-7 | 146.00 | OK | |||
r-oldrel-macos-x86_64 | 1.3-7 | 209.00 | OK | |||
r-oldrel-windows-ix86+x86_64 | 1.3-7 | 80.00 | 347.00 | 427.00 | ERROR |
Version: 1.3-7
Check: package dependencies
Result: NOTE
Package suggested but not available for checking: 'SpatialPack'
Flavors: r-devel-linux-x86_64-debian-clang, r-devel-linux-x86_64-debian-gcc, r-devel-linux-x86_64-fedora-clang, r-devel-linux-x86_64-fedora-gcc, r-patched-linux-x86_64, r-release-linux-x86_64
Version: 1.3-7
Check: Rd cross-references
Result: NOTE
Unknown package 'SpatialPack' in Rd xrefs
Flavors: r-devel-linux-x86_64-debian-clang, r-devel-linux-x86_64-debian-gcc, r-devel-linux-x86_64-fedora-clang, r-devel-linux-x86_64-fedora-gcc, r-patched-linux-x86_64, r-release-linux-x86_64
Version: 1.3-7
Check: examples
Result: ERROR
Running examples in 'spatialEco-Ex.R' failed
The error most likely occurred in:
> ### Name: cgls_urls
> ### Title: Provide URL's for Copernicus Global Land Service datasets
> ### Aliases: cgls_urls
>
> ### ** Examples
>
> # Create date string for query
> d <- seq(as.Date("2020/05/01"), as.Date("2020-09-01"), by="day")
>
> # Search for 300m (333m) LAI within specified date range
> all.urls <- cgls_urls(dates = d, resolution = 300,
+ product = "lai")
Warning in readLines(manifest.url) :
URL 'https://land.copernicus.vgt.vito.be/manifest/': status was 'Failure when receiving data from the peer'
Error in readLines(manifest.url) : cannot read from connection
Calls: cgls_urls -> paste -> readLines
Execution halted
Flavors: r-devel-windows-x86_64, r-release-windows-x86_64
Version: 1.3-7
Check: examples
Result: ERROR
Running examples in 'spatialEco-Ex.R' failed
The error most likely occurred in:
> ### Name: cgls_urls
> ### Title: Provide URL's for Copernicus Global Land Service datasets
> ### Aliases: cgls_urls
>
> ### ** Examples
>
> # Create date string for query
> d <- seq(as.Date("2020/05/01"), as.Date("2020-09-01"), by="day")
>
> # Search for 300m (333m) LAI within specified date range
> all.urls <- cgls_urls(dates = d, resolution = 300,
+ product = "lai")
Warning in file(con, "r") :
InternetOpenUrl failed: 'Die Serververbindung konnte nicht hergestellt werden.'
Error in file(con, "r") : cannot open the connection
Calls: cgls_urls -> paste -> readLines -> file
Execution halted
Flavor: r-oldrel-windows-ix86+x86_64