Last updated on 2022-08-15 08:50:09 CEST.
Flavor | Version | Tinstall | Tcheck | Ttotal | Status | Flags |
---|---|---|---|---|---|---|
r-devel-linux-x86_64-debian-clang | 1.2.1 | 7.28 | 359.86 | 367.14 | OK | |
r-devel-linux-x86_64-debian-gcc | 1.2.1 | 6.57 | 278.18 | 284.75 | OK | |
r-devel-linux-x86_64-fedora-clang | 1.2.1 | 434.00 | NOTE | |||
r-devel-linux-x86_64-fedora-gcc | 1.2.1 | 436.52 | NOTE | |||
r-devel-windows-x86_64 | 1.2.1 | 27.00 | 416.00 | 443.00 | OK | |
r-patched-linux-x86_64 | 1.2.1 | 5.42 | 343.88 | 349.30 | OK | |
r-release-linux-x86_64 | 1.2.1 | 5.16 | 339.90 | 345.06 | OK | |
r-release-macos-arm64 | 1.2.1 | 137.00 | NOTE | |||
r-release-macos-x86_64 | 1.2.1 | 216.00 | NOTE | |||
r-release-windows-x86_64 | 1.2.1 | 15.00 | 417.00 | 432.00 | OK | |
r-oldrel-macos-arm64 | 1.2.1 | 120.00 | NOTE | |||
r-oldrel-macos-x86_64 | 1.2.1 | 216.00 | NOTE | |||
r-oldrel-windows-ix86+x86_64 | 1.2.1 | 15.00 | 441.00 | 456.00 | OK |
Version: 1.2.1
Check: dependencies in R code
Result: NOTE
Namespaces in Imports field not imported from:
‘gridExtra’ ‘pheatmap’ ‘stats’ ‘viridis’
All declared Imports should be used.
Flavors: r-devel-linux-x86_64-fedora-clang, r-devel-linux-x86_64-fedora-gcc, r-release-macos-arm64, r-release-macos-x86_64, r-oldrel-macos-arm64, r-oldrel-macos-x86_64