Last updated on 2022-08-15 08:50:09 CEST.
Flavor | Version | Tinstall | Tcheck | Ttotal | Status | Flags |
---|---|---|---|---|---|---|
r-devel-linux-x86_64-debian-clang | 2.0-1 | 8.57 | 108.26 | 116.83 | NOTE | |
r-devel-linux-x86_64-debian-gcc | 2.0-1 | 9.02 | 80.97 | 89.99 | NOTE | |
r-devel-linux-x86_64-fedora-clang | 2.0-1 | 148.29 | NOTE | |||
r-devel-linux-x86_64-fedora-gcc | 2.0-1 | 148.30 | NOTE | |||
r-devel-windows-x86_64 | 2.0-1 | 16.00 | 129.00 | 145.00 | NOTE | |
r-patched-linux-x86_64 | 2.0-1 | 11.15 | 106.18 | 117.33 | NOTE | |
r-release-linux-x86_64 | 2.0-1 | 9.79 | 108.20 | 117.99 | NOTE | |
r-release-macos-arm64 | 2.0-1 | 57.00 | NOTE | |||
r-release-macos-x86_64 | 2.0-1 | 92.00 | NOTE | |||
r-release-windows-x86_64 | 2.0-1 | 25.00 | 134.00 | 159.00 | NOTE | |
r-oldrel-macos-arm64 | 2.0-1 | 50.00 | NOTE | |||
r-oldrel-macos-x86_64 | 2.0-1 | 78.00 | NOTE | |||
r-oldrel-windows-ix86+x86_64 | 2.0-1 | 27.00 | 129.00 | 156.00 | NOTE |
Version: 2.0-1
Check: package dependencies
Result: NOTE
Depends: includes the non-default packages:
'spatstat.geom', 'spatstat.random', 'spatstat.core',
'spatstat.linnet', 'spatstat.data', 'spatstat', 'rpanel', 'tcltk'
Adding so many packages to the search path is excessive and importing
selectively is preferable.
Flavors: r-devel-linux-x86_64-debian-clang, r-devel-linux-x86_64-debian-gcc, r-devel-linux-x86_64-fedora-clang, r-devel-linux-x86_64-fedora-gcc, r-devel-windows-x86_64, r-patched-linux-x86_64, r-release-linux-x86_64, r-release-macos-arm64, r-release-macos-x86_64, r-release-windows-x86_64, r-oldrel-macos-arm64, r-oldrel-macos-x86_64, r-oldrel-windows-ix86+x86_64