Last updated on 2022-08-15 08:50:09 CEST.
Flavor | Version | Tinstall | Tcheck | Ttotal | Status | Flags |
---|---|---|---|---|---|---|
r-devel-linux-x86_64-debian-clang | 1.8 | 55.81 | 518.26 | 574.07 | OK | |
r-devel-linux-x86_64-debian-gcc | 1.8 | 51.34 | 372.92 | 424.26 | OK | |
r-devel-linux-x86_64-fedora-clang | 1.8 | 669.68 | NOTE | |||
r-devel-linux-x86_64-fedora-gcc | 1.8 | 726.22 | NOTE | |||
r-devel-windows-x86_64 | 1.8 | 118.00 | 483.00 | 601.00 | OK | |
r-patched-linux-x86_64 | 1.8 | 53.03 | 482.76 | 535.79 | OK | |
r-release-linux-x86_64 | 1.8 | 41.07 | 481.91 | 522.98 | OK | |
r-release-macos-arm64 | 1.8 | 131.00 | NOTE | |||
r-release-macos-x86_64 | 1.8 | 203.00 | NOTE | |||
r-release-windows-x86_64 | 1.8 | 150.00 | 418.00 | 568.00 | OK | |
r-oldrel-macos-arm64 | 1.8 | 113.00 | NOTE | |||
r-oldrel-macos-x86_64 | 1.8 | 198.00 | NOTE | |||
r-oldrel-windows-ix86+x86_64 | 1.8 | 111.00 | 478.00 | 589.00 | OK |
Version: 1.8
Check: dependencies in R code
Result: NOTE
Namespace in Imports field not imported from: ‘spatstat’
All declared Imports should be used.
Flavors: r-devel-linux-x86_64-fedora-clang, r-devel-linux-x86_64-fedora-gcc, r-release-macos-arm64, r-release-macos-x86_64, r-oldrel-macos-arm64, r-oldrel-macos-x86_64