Last updated on 2022-08-15 08:50:09 CEST.
Flavor | Version | Tinstall | Tcheck | Ttotal | Status | Flags |
---|---|---|---|---|---|---|
r-devel-linux-x86_64-debian-clang | 0.6.6 | 67.12 | 76.81 | 143.93 | NOTE | |
r-devel-linux-x86_64-debian-gcc | 0.6.6 | 52.00 | 56.14 | 108.14 | NOTE | |
r-devel-linux-x86_64-fedora-clang | 0.6.6 | 170.59 | NOTE | |||
r-devel-linux-x86_64-fedora-gcc | 0.6.6 | 169.20 | NOTE | |||
r-devel-windows-x86_64 | 0.6.6 | 112.00 | 106.00 | 218.00 | NOTE | |
r-patched-linux-x86_64 | 0.6.6 | 58.78 | 71.01 | 129.79 | OK | |
r-release-linux-x86_64 | 0.6.6 | 58.47 | 70.59 | 129.06 | OK | |
r-release-macos-arm64 | 0.6.6 | 46.00 | OK | |||
r-release-macos-x86_64 | 0.6.6 | 65.00 | OK | |||
r-release-windows-x86_64 | 0.6.6 | 116.00 | 103.00 | 219.00 | OK | |
r-oldrel-macos-arm64 | 0.6.6 | 42.00 | OK | |||
r-oldrel-macos-x86_64 | 0.6.6 | 70.00 | OK | |||
r-oldrel-windows-ix86+x86_64 | 0.6.6 | 158.00 | 146.00 | 304.00 | OK |
Version: 0.6.6
Check: Rd files
Result: NOTE
checkRd: (-1) euklid.ewma.arl.Rd:23: Escaped LaTeX specials: \&
Flavors: r-devel-linux-x86_64-debian-clang, r-devel-linux-x86_64-debian-gcc, r-devel-linux-x86_64-fedora-clang, r-devel-linux-x86_64-fedora-gcc, r-devel-windows-x86_64