Last updated on 2022-08-15 08:50:09 CEST.
Flavor | Version | Tinstall | Tcheck | Ttotal | Status | Flags |
---|---|---|---|---|---|---|
r-devel-linux-x86_64-debian-clang | 0.1.2 | 14.94 | 151.24 | 166.18 | OK | |
r-devel-linux-x86_64-debian-gcc | 0.1.2 | 12.18 | 113.21 | 125.39 | OK | |
r-devel-linux-x86_64-fedora-clang | 0.1.2 | 209.61 | OK | |||
r-devel-linux-x86_64-fedora-gcc | 0.1.2 | 203.61 | OK | |||
r-devel-windows-x86_64 | 0.1.2 | 28.00 | 257.00 | 285.00 | OK | |
r-patched-linux-x86_64 | 0.1.2 | 13.19 | 142.79 | 155.98 | OK | |
r-release-linux-x86_64 | 0.1.2 | 14.32 | 140.76 | 155.08 | OK | |
r-release-macos-arm64 | 0.1.2 | 64.00 | OK | |||
r-release-macos-x86_64 | 0.1.2 | 82.00 | OK | |||
r-release-windows-x86_64 | 0.1.2 | 29.00 | 196.00 | 225.00 | OK | |
r-oldrel-macos-arm64 | 0.1.2 | 60.00 | WARN | |||
r-oldrel-macos-x86_64 | 0.1.2 | 88.00 | WARN | |||
r-oldrel-windows-ix86+x86_64 | 0.1.2 | 117.00 | 248.00 | 365.00 | OK |
Version: 0.1.2
Check: for executable files
Result: WARN
Found the following executable files:
inst/extdata/SouthernBuh-habitats_shapefile.dbf
inst/extdata/test_shapefile.dbf
Source packages should not contain undeclared executable files.
See section ‘Package structure’ in the ‘Writing R Extensions’ manual.
Flavors: r-oldrel-macos-arm64, r-oldrel-macos-x86_64