Last updated on 2022-08-15 08:50:09 CEST.
Flavor | Version | Tinstall | Tcheck | Ttotal | Status | Flags |
---|---|---|---|---|---|---|
r-devel-windows-x86_64 | 2.0.0 | 35.00 | 71.00 | 106.00 | NOTE | |
r-release-windows-x86_64 | 2.0.0 | 37.00 | 68.00 | 105.00 | NOTE | |
r-oldrel-macos-arm64 | 2.0.0 | 54.00 | NOTE | |||
r-oldrel-windows-ix86+x86_64 | 2.0.0 | 11.00 | 63.00 | 74.00 | NOTE |
Version: 2.0.0
Check: LazyData
Result: NOTE
'LazyData' is specified without a 'data' directory
Flavors: r-devel-windows-x86_64, r-release-windows-x86_64, r-oldrel-macos-arm64, r-oldrel-windows-ix86+x86_64