Last updated on 2022-08-15 08:50:09 CEST.
Flavor | Version | Tinstall | Tcheck | Ttotal | Status | Flags |
---|---|---|---|---|---|---|
r-devel-linux-x86_64-debian-clang | 0.3-4 | 12.15 | 82.41 | 94.56 | OK | |
r-devel-linux-x86_64-debian-gcc | 0.3-4 | 8.46 | 63.55 | 72.01 | OK | |
r-devel-linux-x86_64-fedora-clang | 0.3-4 | 121.59 | NOTE | |||
r-devel-linux-x86_64-fedora-gcc | 0.3-4 | 118.89 | OK | |||
r-devel-windows-x86_64 | 0.3-4 | 29.00 | 103.00 | 132.00 | OK | |
r-patched-linux-x86_64 | 0.3-4 | 10.36 | 81.54 | 91.90 | OK | |
r-release-linux-x86_64 | 0.3-4 | 9.03 | 80.78 | 89.81 | OK | |
r-release-macos-arm64 | 0.3-4 | 33.00 | OK | |||
r-release-macos-x86_64 | 0.3-4 | 51.00 | OK | |||
r-release-windows-x86_64 | 0.3-4 | 34.00 | 102.00 | 136.00 | OK | |
r-oldrel-macos-arm64 | 0.3-4 | 37.00 | OK | |||
r-oldrel-macos-x86_64 | 0.3-4 | 47.00 | OK | |||
r-oldrel-windows-ix86+x86_64 | 0.3-4 | 20.00 | 105.00 | 125.00 | OK |
Version: 0.3-4
Check: Rd cross-references
Result: NOTE
Undeclared package ‘biglm’ in Rd xrefs
Flavor: r-devel-linux-x86_64-fedora-clang