Last updated on 2022-08-15 08:50:09 CEST.
Flavor | Version | Tinstall | Tcheck | Ttotal | Status | Flags |
---|---|---|---|---|---|---|
r-devel-linux-x86_64-debian-clang | 0.3.6 | 8.63 | 311.96 | 320.59 | NOTE | |
r-devel-linux-x86_64-debian-gcc | 0.3.6 | 6.43 | 215.40 | 221.83 | NOTE | |
r-devel-linux-x86_64-fedora-clang | 0.3.6 | 358.47 | NOTE | |||
r-devel-linux-x86_64-fedora-gcc | 0.3.6 | 355.76 | NOTE | |||
r-devel-windows-x86_64 | 0.3.6 | 60.00 | 358.00 | 418.00 | NOTE | |
r-patched-linux-x86_64 | 0.3.6 | 8.53 | 275.33 | 283.86 | OK | |
r-release-linux-x86_64 | 0.3.6 | 7.55 | 284.04 | 291.59 | OK | |
r-release-macos-arm64 | 0.3.6 | 165.00 | OK | |||
r-release-macos-x86_64 | 0.3.6 | 212.00 | OK | |||
r-release-windows-x86_64 | 0.3.6 | 62.00 | 344.00 | 406.00 | OK | |
r-oldrel-macos-arm64 | 0.3.6 | 136.00 | OK | |||
r-oldrel-macos-x86_64 | 0.3.6 | 143.00 | OK | |||
r-oldrel-windows-ix86+x86_64 | 0.3.6 | 27.00 | 363.00 | 390.00 | OK |
Version: 0.3.6
Check: Rd files
Result: NOTE
checkRd: (-1) PimaIndiansDiabetes_long.Rd:14: Escaped LaTeX specials: \^
checkRd: (-1) PimaIndiansDiabetes_wide.Rd:16: Escaped LaTeX specials: \^
Flavors: r-devel-linux-x86_64-debian-clang, r-devel-linux-x86_64-debian-gcc, r-devel-linux-x86_64-fedora-clang, r-devel-linux-x86_64-fedora-gcc, r-devel-windows-x86_64