Last updated on 2022-08-15 08:50:09 CEST.
Flavor | Version | Tinstall | Tcheck | Ttotal | Status | Flags |
---|---|---|---|---|---|---|
r-devel-linux-x86_64-debian-clang | 0.2.0 | 17.92 | 51.57 | 69.49 | NOTE | |
r-devel-linux-x86_64-debian-gcc | 0.2.0 | 14.65 | 39.31 | 53.96 | NOTE | |
r-devel-linux-x86_64-fedora-clang | 0.2.0 | 102.78 | NOTE | |||
r-devel-linux-x86_64-fedora-gcc | 0.2.0 | 98.68 | NOTE | |||
r-devel-windows-x86_64 | 0.2.0 | 23.00 | 104.00 | 127.00 | NOTE | |
r-patched-linux-x86_64 | 0.2.0 | 15.30 | 48.60 | 63.90 | OK | |
r-release-linux-x86_64 | 0.2.0 | 17.67 | 49.24 | 66.91 | OK | |
r-release-macos-arm64 | 0.2.0 | 32.00 | NOTE | |||
r-release-macos-x86_64 | 0.2.0 | 57.00 | NOTE | |||
r-release-windows-x86_64 | 0.2.0 | 26.00 | 96.00 | 122.00 | OK | |
r-oldrel-macos-arm64 | 0.2.0 | 40.00 | NOTE | |||
r-oldrel-macos-x86_64 | 0.2.0 | 56.00 | NOTE | |||
r-oldrel-windows-ix86+x86_64 | 0.2.0 | 47.00 | 109.00 | 156.00 | OK |
Version: 0.2.0
Check: package subdirectories
Result: NOTE
Problems with news in 'NEWS.md':
Cannot extract version info from the following section titles:
updates of 10th May 2021
Flavors: r-devel-linux-x86_64-debian-clang, r-devel-linux-x86_64-debian-gcc, r-devel-linux-x86_64-fedora-clang, r-devel-linux-x86_64-fedora-gcc, r-devel-windows-x86_64
Version: 0.2.0
Check: dependencies in R code
Result: NOTE
Namespaces in Imports field not imported from:
‘extrafont’ ‘ggplot2’
All declared Imports should be used.
Flavors: r-devel-linux-x86_64-fedora-clang, r-devel-linux-x86_64-fedora-gcc, r-release-macos-arm64, r-release-macos-x86_64, r-oldrel-macos-arm64, r-oldrel-macos-x86_64