Last updated on 2022-08-15 08:50:09 CEST.
Flavor | Version | Tinstall | Tcheck | Ttotal | Status | Flags |
---|---|---|---|---|---|---|
r-devel-linux-x86_64-debian-clang | 1.0.2.1 | 45.62 | 435.95 | 481.57 | NOTE | |
r-devel-linux-x86_64-debian-gcc | 1.0.2.1 | 40.03 | 317.80 | 357.83 | NOTE | |
r-devel-linux-x86_64-fedora-clang | 1.0.2.1 | 578.40 | NOTE | |||
r-devel-linux-x86_64-fedora-gcc | 1.0.2.1 | 604.03 | NOTE | |||
r-devel-windows-x86_64 | 1.0.2.1 | 60.00 | 420.00 | 480.00 | NOTE | |
r-patched-linux-x86_64 | 1.0.2.1 | 51.61 | 417.26 | 468.87 | OK | |
r-release-linux-x86_64 | 1.0.2.1 | 43.25 | 408.74 | 451.99 | OK | |
r-release-macos-arm64 | 1.0.2.1 | 137.00 | NOTE | |||
r-release-macos-x86_64 | 1.0.2.1 | 190.00 | NOTE | |||
r-release-windows-x86_64 | 1.0.2.1 | 56.00 | 562.00 | 618.00 | NOTE | |
r-oldrel-macos-arm64 | 1.0.2.1 | 132.00 | NOTE | |||
r-oldrel-macos-x86_64 | 1.0.2.1 | 169.00 | NOTE | |||
r-oldrel-windows-ix86+x86_64 | 1.0.2.1 | 100.00 | 428.00 | 528.00 | NOTE |
Version: 1.0.2.1
Check: HTML version of manual
Result: NOTE
Found the following math rendering problems:
spain.covid.Rd:69-81: No such environment: tabular in ...ac{
\begin{tabular}{c}
\text...
spain.covid.Rd:99-108: No such environment: tabular in ...{
\begin{tabular}{c}
\t...
Flavors: r-devel-linux-x86_64-debian-clang, r-devel-linux-x86_64-debian-gcc, r-devel-linux-x86_64-fedora-clang, r-devel-linux-x86_64-fedora-gcc
Version: 1.0.2.1
Check: installed package size
Result: NOTE
installed size is 6.6Mb
sub-directories of 1Mb or more:
doc 5.2Mb
Flavors: r-devel-linux-x86_64-fedora-clang, r-devel-windows-x86_64, r-release-macos-arm64, r-release-macos-x86_64, r-release-windows-x86_64, r-oldrel-macos-arm64, r-oldrel-macos-x86_64, r-oldrel-windows-ix86+x86_64
Version: 1.0.2.1
Check: dependencies in R code
Result: NOTE
Namespaces in Imports field not imported from:
‘Rdpack’ ‘car’ ‘knitr’ ‘lmtest’ ‘rmarkdown’
All declared Imports should be used.
Flavors: r-devel-linux-x86_64-fedora-clang, r-devel-linux-x86_64-fedora-gcc, r-release-macos-arm64, r-release-macos-x86_64, r-oldrel-macos-arm64, r-oldrel-macos-x86_64