Last updated on 2022-08-15 08:50:09 CEST.
Flavor | Version | Tinstall | Tcheck | Ttotal | Status | Flags |
---|---|---|---|---|---|---|
r-devel-linux-x86_64-debian-clang | 1.0.0 | 269.26 | 237.08 | 506.34 | NOTE | |
r-devel-linux-x86_64-debian-gcc | 1.0.0 | 243.46 | 191.48 | 434.94 | NOTE | |
r-devel-linux-x86_64-fedora-clang | 1.0.0 | 634.94 | NOTE | |||
r-devel-linux-x86_64-fedora-gcc | 1.0.0 | 728.68 | NOTE | |||
r-devel-windows-x86_64 | 1.0.0 | 181.00 | 299.00 | 480.00 | NOTE | |
r-patched-linux-x86_64 | 1.0.0 | 216.06 | 255.80 | 471.86 | NOTE | |
r-release-linux-x86_64 | 1.0.0 | 196.12 | 249.95 | 446.07 | NOTE | |
r-release-macos-arm64 | 1.0.0 | 191.00 | NOTE | |||
r-release-macos-x86_64 | 1.0.0 | 308.00 | NOTE | |||
r-release-windows-x86_64 | 1.0.0 | 230.00 | 298.00 | 528.00 | NOTE | |
r-oldrel-macos-arm64 | 1.0.0 | 271.00 | NOTE | |||
r-oldrel-macos-x86_64 | 1.0.0 | 357.00 | NOTE | |||
r-oldrel-windows-ix86+x86_64 | 1.0.0 | 590.00 | 442.00 | 1032.00 | NOTE |
Version: 1.0.0
Check: LazyData
Result: NOTE
'LazyData' is specified without a 'data' directory
Flavors: r-devel-linux-x86_64-debian-clang, r-devel-linux-x86_64-debian-gcc, r-devel-linux-x86_64-fedora-clang, r-devel-linux-x86_64-fedora-gcc, r-devel-windows-x86_64, r-patched-linux-x86_64, r-release-linux-x86_64, r-release-macos-arm64, r-release-macos-x86_64, r-release-windows-x86_64, r-oldrel-macos-arm64, r-oldrel-macos-x86_64, r-oldrel-windows-ix86+x86_64
Version: 1.0.0
Check: for GNU extensions in Makefiles
Result: NOTE
GNU make is a SystemRequirements.
Flavors: r-devel-linux-x86_64-debian-clang, r-devel-linux-x86_64-debian-gcc, r-devel-linux-x86_64-fedora-clang, r-devel-linux-x86_64-fedora-gcc, r-devel-windows-x86_64, r-patched-linux-x86_64, r-release-linux-x86_64, r-release-macos-arm64, r-release-macos-x86_64, r-release-windows-x86_64, r-oldrel-macos-arm64, r-oldrel-macos-x86_64, r-oldrel-windows-ix86+x86_64
Version: 1.0.0
Check: installed package size
Result: NOTE
installed size is 5.2Mb
sub-directories of 1Mb or more:
doc 1.5Mb
libs 3.3Mb
Flavors: r-devel-linux-x86_64-fedora-clang, r-release-macos-arm64, r-release-macos-x86_64, r-oldrel-macos-arm64, r-oldrel-macos-x86_64, r-oldrel-windows-ix86+x86_64
Version: 1.0.0
Check: dependencies in R code
Result: NOTE
Namespace in Imports field not imported from: ‘rstantools’
All declared Imports should be used.
Flavors: r-devel-linux-x86_64-fedora-clang, r-devel-linux-x86_64-fedora-gcc, r-release-macos-arm64, r-release-macos-x86_64, r-oldrel-macos-arm64, r-oldrel-macos-x86_64