Last updated on 2022-08-15 08:50:09 CEST.
Flavor | Version | Tinstall | Tcheck | Ttotal | Status | Flags |
---|---|---|---|---|---|---|
r-devel-linux-x86_64-debian-clang | 1.0.3 | 19.69 | 186.20 | 205.89 | OK | |
r-devel-linux-x86_64-debian-gcc | 1.0.3 | 15.10 | 136.58 | 151.68 | OK | |
r-devel-linux-x86_64-fedora-clang | 1.0.3 | 258.64 | NOTE | |||
r-devel-linux-x86_64-fedora-gcc | 1.0.3 | 253.79 | OK | |||
r-devel-windows-x86_64 | 1.0.3 | 48.00 | 209.00 | 257.00 | OK | |
r-patched-linux-x86_64 | 1.0.3 | 21.21 | 170.33 | 191.54 | OK | |
r-release-linux-x86_64 | 1.0.3 | 17.43 | 172.87 | 190.30 | OK | |
r-release-macos-arm64 | 1.0.3 | 77.00 | OK | |||
r-release-macos-x86_64 | 1.0.3 | 132.00 | OK | |||
r-release-windows-x86_64 | 1.0.3 | 56.00 | 223.00 | 279.00 | OK | |
r-oldrel-macos-arm64 | 1.0.3 | 92.00 | OK | |||
r-oldrel-macos-x86_64 | 1.0.3 | 132.00 | OK | |||
r-oldrel-windows-ix86+x86_64 | 1.0.3 | 40.00 | 211.00 | 251.00 | OK |
Version: 1.0.3
Check: Rd cross-references
Result: NOTE
Undeclared package ‘plyr’ in Rd xrefs
Flavor: r-devel-linux-x86_64-fedora-clang