Last updated on 2022-08-15 08:50:09 CEST.
Flavor | Version | Tinstall | Tcheck | Ttotal | Status | Flags |
---|---|---|---|---|---|---|
r-devel-linux-x86_64-debian-clang | 0.1.0 | 2.08 | 29.83 | 31.91 | NOTE | |
r-devel-linux-x86_64-debian-gcc | 0.1.0 | 1.77 | 23.39 | 25.16 | NOTE | |
r-devel-linux-x86_64-fedora-clang | 0.1.0 | 51.46 | NOTE | |||
r-devel-linux-x86_64-fedora-gcc | 0.1.0 | 48.34 | NOTE | |||
r-devel-windows-x86_64 | 0.1.0 | 10.00 | 52.00 | 62.00 | NOTE | |
r-patched-linux-x86_64 | 0.1.0 | 2.59 | 28.89 | 31.48 | NOTE | |
r-release-linux-x86_64 | 0.1.0 | 2.51 | 28.46 | 30.97 | NOTE | |
r-release-macos-arm64 | 0.1.0 | 16.00 | NOTE | |||
r-release-macos-x86_64 | 0.1.0 | 27.00 | NOTE | |||
r-release-windows-x86_64 | 0.1.0 | 11.00 | 56.00 | 67.00 | NOTE | |
r-oldrel-macos-arm64 | 0.1.0 | 21.00 | NOTE | |||
r-oldrel-macos-x86_64 | 0.1.0 | 31.00 | NOTE | |||
r-oldrel-windows-ix86+x86_64 | 0.1.0 | 9.00 | 53.00 | 62.00 | NOTE |
Version: 0.1.0
Check: LazyData
Result: NOTE
'LazyData' is specified without a 'data' directory
Flavors: r-devel-linux-x86_64-debian-clang, r-devel-linux-x86_64-debian-gcc, r-devel-linux-x86_64-fedora-clang, r-devel-linux-x86_64-fedora-gcc, r-devel-windows-x86_64, r-patched-linux-x86_64, r-release-linux-x86_64, r-release-macos-arm64, r-release-macos-x86_64, r-release-windows-x86_64, r-oldrel-macos-arm64, r-oldrel-macos-x86_64, r-oldrel-windows-ix86+x86_64