Last updated on 2022-08-15 08:50:09 CEST.
Flavor | Version | Tinstall | Tcheck | Ttotal | Status | Flags |
---|---|---|---|---|---|---|
r-devel-linux-x86_64-debian-clang | 0.1.1 | 2.69 | 91.39 | 94.08 | OK | |
r-devel-linux-x86_64-debian-gcc | 0.1.1 | 2.46 | 64.34 | 66.80 | OK | |
r-devel-linux-x86_64-fedora-clang | 0.1.1 | 120.08 | NOTE | |||
r-devel-linux-x86_64-fedora-gcc | 0.1.1 | 124.88 | NOTE | |||
r-devel-windows-x86_64 | 0.1.1 | 7.00 | 108.00 | 115.00 | OK | |
r-patched-linux-x86_64 | 0.1.1 | 3.03 | 85.87 | 88.90 | OK | |
r-release-linux-x86_64 | 0.1.1 | 2.64 | 85.92 | 88.56 | OK | |
r-release-macos-arm64 | 0.1.1 | 34.00 | NOTE | |||
r-release-macos-x86_64 | 0.1.1 | 54.00 | NOTE | |||
r-release-windows-x86_64 | 0.1.1 | 12.00 | 116.00 | 128.00 | OK | |
r-oldrel-macos-arm64 | 0.1.1 | 36.00 | NOTE | |||
r-oldrel-macos-x86_64 | 0.1.1 | 62.00 | NOTE | |||
r-oldrel-windows-ix86+x86_64 | 0.1.1 | 8.00 | 126.00 | 134.00 | OK |
Version: 0.1.1
Check: dependencies in R code
Result: NOTE
Namespace in Imports field not imported from: ‘e1071’
All declared Imports should be used.
Flavors: r-devel-linux-x86_64-fedora-clang, r-devel-linux-x86_64-fedora-gcc, r-release-macos-arm64, r-release-macos-x86_64, r-oldrel-macos-arm64, r-oldrel-macos-x86_64