Last updated on 2022-08-15 08:50:09 CEST.
Flavor | Version | Tinstall | Tcheck | Ttotal | Status | Flags |
---|---|---|---|---|---|---|
r-devel-linux-x86_64-debian-clang | 1.5.7 | 20.02 | 107.80 | 127.82 | NOTE | |
r-devel-linux-x86_64-debian-gcc | 1.5.7 | 13.63 | 80.45 | 94.08 | NOTE | |
r-devel-linux-x86_64-fedora-clang | 1.5.7 | 159.13 | NOTE | |||
r-devel-linux-x86_64-fedora-gcc | 1.5.7 | 165.68 | NOTE | |||
r-devel-windows-x86_64 | 1.5.7 | 24.00 | 122.00 | 146.00 | NOTE | |
r-patched-linux-x86_64 | 1.5.7 | 16.95 | 101.84 | 118.79 | OK | |
r-release-linux-x86_64 | 1.5.7 | 15.81 | 101.73 | 117.54 | OK | |
r-release-macos-arm64 | 1.5.7 | 38.00 | OK | |||
r-release-macos-x86_64 | 1.5.7 | 58.00 | OK | |||
r-release-windows-x86_64 | 1.5.7 | 31.00 | 133.00 | 164.00 | OK | |
r-oldrel-macos-arm64 | 1.5.7 | 49.00 | OK | |||
r-oldrel-macos-x86_64 | 1.5.7 | 85.00 | OK | |||
r-oldrel-windows-ix86+x86_64 | 1.5.7 | 30.00 | 126.00 | 156.00 | OK |
Version: 1.5.7
Check: Rd files
Result: NOTE
checkRd: (-1) Snacks.Rd:6: Escaped LaTeX specials: \~
Flavors: r-devel-linux-x86_64-debian-clang, r-devel-linux-x86_64-debian-gcc, r-devel-linux-x86_64-fedora-clang, r-devel-linux-x86_64-fedora-gcc, r-devel-windows-x86_64