Last updated on 2022-08-15 08:50:10 CEST.
Flavor | Version | Tinstall | Tcheck | Ttotal | Status | Flags |
---|---|---|---|---|---|---|
r-devel-linux-x86_64-debian-clang | 0.5 | 17.17 | 187.84 | 205.01 | NOTE | |
r-devel-linux-x86_64-debian-gcc | 0.5 | 12.39 | 137.89 | 150.28 | NOTE | |
r-devel-linux-x86_64-fedora-clang | 0.5 | 254.81 | NOTE | |||
r-devel-linux-x86_64-fedora-gcc | 0.5 | 257.85 | NOTE | |||
r-devel-windows-x86_64 | 0.5 | 27.00 | 213.00 | 240.00 | OK | |
r-patched-linux-x86_64 | 0.5 | 19.76 | 171.88 | 191.64 | OK | |
r-release-linux-x86_64 | 0.5 | 14.53 | 175.27 | 189.80 | OK | |
r-release-macos-arm64 | 0.5 | 75.00 | OK | |||
r-release-macos-x86_64 | 0.5 | 101.00 | OK | |||
r-release-windows-x86_64 | 0.5 | 27.00 | 223.00 | 250.00 | OK | |
r-oldrel-macos-arm64 | 0.5 | 55.00 | OK | |||
r-oldrel-macos-x86_64 | 0.5 | 102.00 | OK | |||
r-oldrel-windows-ix86+x86_64 | 0.5 | 37.00 | 188.00 | 225.00 | OK |
Version: 0.5
Check: HTML version of manual
Result: NOTE
Found the following HTML validation problems:
RSTRmodel.html:218:1: Warning: trimming empty <p>
Flavors: r-devel-linux-x86_64-debian-clang, r-devel-linux-x86_64-debian-gcc, r-devel-linux-x86_64-fedora-clang, r-devel-linux-x86_64-fedora-gcc