Last updated on 2022-08-15 08:50:09 CEST.
Flavor | Version | Tinstall | Tcheck | Ttotal | Status | Flags |
---|---|---|---|---|---|---|
r-devel-linux-x86_64-debian-clang | 1.1.6 | 5.87 | 32.94 | 38.81 | NOTE | |
r-devel-linux-x86_64-debian-gcc | 1.1.6 | 3.49 | 24.66 | 28.15 | NOTE | |
r-devel-linux-x86_64-fedora-clang | 1.1.6 | 56.11 | NOTE | |||
r-devel-linux-x86_64-fedora-gcc | 1.1.6 | 53.38 | NOTE | |||
r-devel-windows-x86_64 | 1.1.6 | 16.00 | 59.00 | 75.00 | NOTE | |
r-patched-linux-x86_64 | 1.1.6 | 5.27 | 30.12 | 35.39 | OK | |
r-release-linux-x86_64 | 1.1.6 | 5.09 | 30.76 | 35.85 | OK | |
r-release-macos-arm64 | 1.1.6 | 19.00 | OK | |||
r-release-macos-x86_64 | 1.1.6 | 26.00 | OK | |||
r-release-windows-x86_64 | 1.1.6 | 13.00 | 57.00 | 70.00 | OK | |
r-oldrel-macos-arm64 | 1.1.6 | 23.00 | OK | |||
r-oldrel-macos-x86_64 | 1.1.6 | 24.00 | OK | |||
r-oldrel-windows-ix86+x86_64 | 1.1.6 | 11.00 | 60.00 | 71.00 | OK |
Version: 1.1.6
Check: package subdirectories
Result: NOTE
Problems with news in 'NEWS.md':
No news entries found.
Flavors: r-devel-linux-x86_64-debian-clang, r-devel-linux-x86_64-debian-gcc, r-devel-linux-x86_64-fedora-clang, r-devel-linux-x86_64-fedora-gcc, r-devel-windows-x86_64