Last updated on 2022-08-15 08:50:09 CEST.
Flavor | Version | Tinstall | Tcheck | Ttotal | Status | Flags |
---|---|---|---|---|---|---|
r-devel-linux-x86_64-debian-clang | 0.7-1 | 2.54 | 97.42 | 99.96 | NOTE | |
r-devel-linux-x86_64-debian-gcc | 0.7-1 | 1.79 | 68.12 | 69.91 | NOTE | |
r-devel-linux-x86_64-fedora-clang | 0.7-1 | 127.63 | NOTE | |||
r-devel-linux-x86_64-fedora-gcc | 0.7-1 | 126.18 | NOTE | |||
r-devel-windows-x86_64 | 0.7-1 | 25.00 | 120.00 | 145.00 | NOTE | |
r-patched-linux-x86_64 | 0.7-1 | 2.19 | 93.47 | 95.66 | NOTE | |
r-release-linux-x86_64 | 0.7-1 | 2.30 | 90.90 | 93.20 | NOTE | |
r-release-macos-arm64 | 0.7-1 | 29.00 | NOTE | |||
r-release-macos-x86_64 | 0.7-1 | 48.00 | NOTE | |||
r-release-windows-x86_64 | 0.7-1 | 24.00 | 119.00 | 143.00 | NOTE | |
r-oldrel-macos-arm64 | 0.7-1 | 33.00 | NOTE | |||
r-oldrel-macos-x86_64 | 0.7-1 | 65.00 | NOTE | |||
r-oldrel-windows-ix86+x86_64 | 0.7-1 | 7.00 | 125.00 | 132.00 | NOTE |
Version: 0.7-1
Check: LazyData
Result: NOTE
'LazyData' is specified without a 'data' directory
Flavors: r-devel-linux-x86_64-debian-clang, r-devel-linux-x86_64-debian-gcc, r-devel-linux-x86_64-fedora-clang, r-devel-linux-x86_64-fedora-gcc, r-devel-windows-x86_64, r-patched-linux-x86_64, r-release-linux-x86_64, r-release-macos-arm64, r-release-macos-x86_64, r-release-windows-x86_64, r-oldrel-macos-arm64, r-oldrel-macos-x86_64, r-oldrel-windows-ix86+x86_64