Last updated on 2022-08-15 08:50:09 CEST.
Flavor | Version | Tinstall | Tcheck | Ttotal | Status | Flags |
---|---|---|---|---|---|---|
r-devel-linux-x86_64-debian-clang | 0.6-4 | 2.41 | 81.76 | 84.17 | NOTE | |
r-devel-linux-x86_64-debian-gcc | 0.6-4 | 2.31 | 62.85 | 65.16 | NOTE | |
r-devel-linux-x86_64-fedora-clang | 0.6-4 | 115.31 | NOTE | |||
r-devel-linux-x86_64-fedora-gcc | 0.6-4 | 109.17 | NOTE | |||
r-devel-windows-x86_64 | 0.6-4 | 14.00 | 75.00 | 89.00 | NOTE | |
r-patched-linux-x86_64 | 0.6-4 | 3.03 | 75.17 | 78.20 | NOTE | |
r-release-linux-x86_64 | 0.6-4 | 3.10 | 72.94 | 76.04 | NOTE | |
r-release-macos-arm64 | 0.6-4 | 27.00 | NOTE | |||
r-release-macos-x86_64 | 0.6-4 | 53.00 | NOTE | |||
r-release-windows-x86_64 | 0.6-4 | 13.00 | 75.00 | 88.00 | NOTE | |
r-oldrel-macos-arm64 | 0.6-4 | 31.00 | NOTE | |||
r-oldrel-macos-x86_64 | 0.6-4 | 58.00 | NOTE | |||
r-oldrel-windows-ix86+x86_64 | 0.6-4 | 8.00 | 73.00 | 81.00 | NOTE |
Version: 0.6-4
Check: LazyData
Result: NOTE
'LazyData' is specified without a 'data' directory
Flavors: r-devel-linux-x86_64-debian-clang, r-devel-linux-x86_64-debian-gcc, r-devel-linux-x86_64-fedora-clang, r-devel-linux-x86_64-fedora-gcc, r-devel-windows-x86_64, r-patched-linux-x86_64, r-release-linux-x86_64, r-release-macos-arm64, r-release-macos-x86_64, r-release-windows-x86_64, r-oldrel-macos-arm64, r-oldrel-macos-x86_64, r-oldrel-windows-ix86+x86_64
Version: 0.6-4
Check: package dependencies
Result: NOTE
Package suggested but not available for checking: ‘gamboostLSS’
Flavor: r-release-macos-x86_64