Last updated on 2022-08-15 08:50:09 CEST.
Flavor | Version | Tinstall | Tcheck | Ttotal | Status | Flags |
---|---|---|---|---|---|---|
r-devel-linux-x86_64-debian-clang | 1.1 | 69.37 | 65.99 | 135.36 | OK | |
r-devel-linux-x86_64-debian-gcc | 1.1 | 60.31 | 42.96 | 103.27 | OK | |
r-devel-linux-x86_64-fedora-clang | 1.1 | 171.07 | NOTE | |||
r-devel-linux-x86_64-fedora-gcc | 1.1 | 180.07 | NOTE | |||
r-devel-windows-x86_64 | 1.1 | 69.00 | 95.00 | 164.00 | OK | |
r-patched-linux-x86_64 | 1.1 | 64.70 | 54.21 | 118.91 | OK | |
r-release-linux-x86_64 | 1.1 | 63.75 | 54.52 | 118.27 | OK | |
r-release-macos-arm64 | 1.1 | 53.00 | NOTE | |||
r-release-macos-x86_64 | 1.1 | 95.00 | NOTE | |||
r-release-windows-x86_64 | 1.1 | 53.00 | 102.00 | 155.00 | OK | |
r-oldrel-macos-arm64 | 1.1 | 44.00 | NOTE | |||
r-oldrel-macos-x86_64 | 1.1 | 62.00 | NOTE | |||
r-oldrel-windows-ix86+x86_64 | 1.1 | 151.00 | 119.00 | 270.00 | OK |
Version: 1.1
Check: dependencies in R code
Result: NOTE
Namespaces in Imports field not imported from:
‘reshape2’ ‘stats’
All declared Imports should be used.
Flavors: r-devel-linux-x86_64-fedora-clang, r-devel-linux-x86_64-fedora-gcc, r-release-macos-arm64, r-release-macos-x86_64, r-oldrel-macos-arm64, r-oldrel-macos-x86_64
Version: 1.1
Check: installed package size
Result: NOTE
installed size is 28.7Mb
sub-directories of 1Mb or more:
libs 28.1Mb
Flavors: r-release-macos-arm64, r-release-macos-x86_64, r-oldrel-macos-arm64, r-oldrel-macos-x86_64