Last updated on 2022-08-15 08:50:09 CEST.
Flavor | Version | Tinstall | Tcheck | Ttotal | Status | Flags |
---|---|---|---|---|---|---|
r-devel-linux-x86_64-debian-clang | 0.2 | 33.34 | 325.65 | 358.99 | NOTE | |
r-devel-linux-x86_64-debian-gcc | 0.2 | 28.12 | 243.20 | 271.32 | NOTE | |
r-devel-linux-x86_64-fedora-clang | 0.2 | 431.07 | NOTE | |||
r-devel-linux-x86_64-fedora-gcc | 0.2 | 446.54 | NOTE | |||
r-devel-windows-x86_64 | 0.2 | 38.00 | 346.00 | 384.00 | NOTE | |
r-patched-linux-x86_64 | 0.2 | 26.44 | 312.61 | 339.05 | OK | |
r-release-linux-x86_64 | 0.2 | 26.06 | 316.36 | 342.42 | OK | |
r-release-macos-arm64 | 0.2 | 109.00 | OK | |||
r-release-macos-x86_64 | 0.2 | 132.00 | OK | |||
r-release-windows-x86_64 | 0.2 | 40.00 | 657.00 | 697.00 | OK | |
r-oldrel-macos-arm64 | 0.2 | 82.00 | OK | |||
r-oldrel-macos-x86_64 | 0.2 | 120.00 | OK | |||
r-oldrel-windows-ix86+x86_64 | 0.2 | 76.00 | 347.00 | 423.00 | OK |
Version: 0.2
Check: Rd files
Result: NOTE
checkRd: (-1) katrina.Rd:36: Escaped LaTeX specials: \&
Flavors: r-devel-linux-x86_64-debian-clang, r-devel-linux-x86_64-debian-gcc, r-devel-linux-x86_64-fedora-clang, r-devel-linux-x86_64-fedora-gcc, r-devel-windows-x86_64