Last updated on 2022-08-15 08:50:09 CEST.
Flavor | Version | Tinstall | Tcheck | Ttotal | Status | Flags |
---|---|---|---|---|---|---|
r-devel-linux-x86_64-debian-clang | 0.0-3 | 180.68 | 103.71 | 284.39 | OK | |
r-devel-linux-x86_64-debian-gcc | 0.0-3 | 156.34 | 77.86 | 234.20 | OK | |
r-devel-linux-x86_64-fedora-clang | 0.0-3 | 348.42 | OK | |||
r-devel-linux-x86_64-fedora-gcc | 0.0-3 | 374.79 | OK | |||
r-devel-windows-x86_64 | 0.0-3 | 1351.00 | 176.00 | 1527.00 | OK | |
r-patched-linux-x86_64 | 0.0-3 | 174.39 | 98.80 | 273.19 | OK | |
r-release-linux-x86_64 | 0.0-3 | 173.89 | 99.12 | 273.01 | OK | |
r-release-macos-arm64 | 0.0-3 | 7.00 | ERROR | |||
r-release-macos-x86_64 | 0.0-3 | 143.00 | NOTE | |||
r-release-windows-x86_64 | 0.0-3 | 1369.00 | 180.00 | 1549.00 | OK | |
r-oldrel-macos-arm64 | 0.0-3 | 100.00 | NOTE | |||
r-oldrel-macos-x86_64 | 0.0-3 | 138.00 | NOTE | |||
r-oldrel-windows-ix86+x86_64 | 0.0-3 | 391.00 | 202.00 | 593.00 | OK |
Version: 0.0-3
Check: package dependencies
Result: ERROR
Package required but not available: ‘dbarts’
See section ‘The DESCRIPTION file’ in the ‘Writing R Extensions’
manual.
Flavor: r-release-macos-arm64
Version: 0.0-3
Check: installed package size
Result: NOTE
installed size is 53.6Mb
sub-directories of 1Mb or more:
libs 53.3Mb
Flavors: r-release-macos-x86_64, r-oldrel-macos-arm64, r-oldrel-macos-x86_64