Last updated on 2022-08-15 08:50:09 CEST.
Flavor | Version | Tinstall | Tcheck | Ttotal | Status | Flags |
---|---|---|---|---|---|---|
r-devel-linux-x86_64-debian-clang | 3.1.1 | 5.81 | 108.24 | 114.05 | NOTE | |
r-devel-linux-x86_64-debian-gcc | 3.1.1 | 4.82 | 80.69 | 85.51 | NOTE | |
r-devel-linux-x86_64-fedora-clang | 3.1.1 | 161.88 | NOTE | |||
r-devel-linux-x86_64-fedora-gcc | 3.1.1 | 145.94 | NOTE | |||
r-devel-windows-x86_64 | 3.1.1 | 158.00 | 124.00 | 282.00 | NOTE | |
r-patched-linux-x86_64 | 3.1.1 | 7.51 | 111.79 | 119.30 | NOTE | |
r-release-linux-x86_64 | 3.1.1 | 6.38 | 112.79 | 119.17 | NOTE | |
r-release-macos-arm64 | 3.1.1 | 56.00 | NOTE | |||
r-release-macos-x86_64 | 3.1.1 | 60.00 | NOTE | |||
r-release-windows-x86_64 | 3.1.1 | 116.00 | 119.00 | 235.00 | NOTE | |
r-oldrel-macos-arm64 | 3.1.1 | 97.00 | NOTE | |||
r-oldrel-macos-x86_64 | 3.1.1 | 109.00 | NOTE | |||
r-oldrel-windows-ix86+x86_64 | 3.1.1 | 15.00 | 121.00 | 136.00 | NOTE |
Version: 3.1.1
Check: LazyData
Result: NOTE
'LazyData' is specified without a 'data' directory
Flavors: r-devel-linux-x86_64-debian-clang, r-devel-linux-x86_64-debian-gcc, r-devel-linux-x86_64-fedora-clang, r-devel-linux-x86_64-fedora-gcc, r-devel-windows-x86_64, r-patched-linux-x86_64, r-release-linux-x86_64, r-release-macos-arm64, r-release-macos-x86_64, r-release-windows-x86_64, r-oldrel-macos-arm64, r-oldrel-macos-x86_64, r-oldrel-windows-ix86+x86_64
Version: 3.1.1
Check: package dependencies
Result: NOTE
Package suggested but not available for checking: ‘pdftools’
Flavor: r-release-macos-x86_64