Last updated on 2022-08-15 08:50:09 CEST.
Flavor | Version | Tinstall | Tcheck | Ttotal | Status | Flags |
---|---|---|---|---|---|---|
r-devel-linux-x86_64-debian-clang | 0.0.6 | 4.68 | 106.58 | 111.26 | NOTE | |
r-devel-linux-x86_64-debian-gcc | 0.0.6 | 6.04 | 78.08 | 84.12 | NOTE | |
r-devel-linux-x86_64-fedora-clang | 0.0.6 | 141.39 | NOTE | |||
r-devel-linux-x86_64-fedora-gcc | 0.0.6 | 149.40 | NOTE | |||
r-devel-windows-x86_64 | 0.0.6 | 13.00 | 146.00 | 159.00 | NOTE | |
r-patched-linux-x86_64 | 0.0.6 | 7.75 | 100.11 | 107.86 | NOTE | |
r-release-linux-x86_64 | 0.0.6 | 7.75 | 100.40 | 108.15 | NOTE | |
r-release-macos-arm64 | 0.0.6 | 50.00 | NOTE | |||
r-release-macos-x86_64 | 0.0.6 | 59.00 | NOTE | |||
r-release-windows-x86_64 | 0.0.6 | 20.00 | 151.00 | 171.00 | NOTE | |
r-oldrel-macos-arm64 | 0.0.6 | 58.00 | NOTE | |||
r-oldrel-macos-x86_64 | 0.0.6 | 87.00 | NOTE | |||
r-oldrel-windows-ix86+x86_64 | 0.0.6 | 14.00 | 124.00 | 138.00 | NOTE |
Version: 0.0.6
Check: LazyData
Result: NOTE
'LazyData' is specified without a 'data' directory
Flavors: r-devel-linux-x86_64-debian-clang, r-devel-linux-x86_64-debian-gcc, r-devel-linux-x86_64-fedora-clang, r-devel-linux-x86_64-fedora-gcc, r-devel-windows-x86_64, r-patched-linux-x86_64, r-release-linux-x86_64, r-release-macos-arm64, r-release-macos-x86_64, r-release-windows-x86_64, r-oldrel-macos-arm64, r-oldrel-macos-x86_64, r-oldrel-windows-ix86+x86_64