Last updated on 2022-08-15 08:50:09 CEST.
Flavor | Version | Tinstall | Tcheck | Ttotal | Status | Flags |
---|---|---|---|---|---|---|
r-devel-linux-x86_64-debian-clang | 0.1.10 | 6.31 | 65.40 | 71.71 | NOTE | |
r-devel-linux-x86_64-debian-gcc | 0.1.10 | 4.24 | 48.73 | 52.97 | NOTE | |
r-devel-linux-x86_64-fedora-clang | 0.1.10 | 95.28 | NOTE | |||
r-devel-linux-x86_64-fedora-gcc | 0.1.10 | 96.23 | NOTE | |||
r-devel-windows-x86_64 | 0.1.10 | 35.00 | 95.00 | 130.00 | OK | |
r-patched-linux-x86_64 | 0.1.10 | 3.75 | 61.65 | 65.40 | OK | |
r-release-linux-x86_64 | 0.1.10 | 4.43 | 61.99 | 66.42 | OK | |
r-release-macos-arm64 | 0.1.10 | 31.00 | OK | |||
r-release-macos-x86_64 | 0.1.10 | 42.00 | OK | |||
r-release-windows-x86_64 | 0.1.10 | 18.00 | 111.00 | 129.00 | OK | |
r-oldrel-macos-arm64 | 0.1.10 | 31.00 | OK | |||
r-oldrel-macos-x86_64 | 0.1.10 | 44.00 | OK | |||
r-oldrel-windows-ix86+x86_64 | 0.1.10 | 15.00 | 88.00 | 103.00 | OK |
Version: 0.1.10
Check: HTML version of manual
Result: NOTE
Found the following HTML validation problems:
create_symlink.html:55:1: Warning: trimming empty <dt>
Flavors: r-devel-linux-x86_64-debian-clang, r-devel-linux-x86_64-debian-gcc, r-devel-linux-x86_64-fedora-clang, r-devel-linux-x86_64-fedora-gcc