Last updated on 2022-08-15 08:50:09 CEST.
Flavor | Version | Tinstall | Tcheck | Ttotal | Status | Flags |
---|---|---|---|---|---|---|
r-devel-linux-x86_64-debian-clang | 1.2.1 | 23.06 | 254.04 | 277.10 | OK | |
r-devel-linux-x86_64-debian-gcc | 1.2.1 | 15.24 | 180.55 | 195.79 | OK | |
r-devel-linux-x86_64-fedora-clang | 1.2.1 | 327.23 | NOTE | |||
r-devel-linux-x86_64-fedora-gcc | 1.2.1 | 334.35 | NOTE | |||
r-devel-windows-x86_64 | 1.2.1 | 35.00 | 260.00 | 295.00 | OK | |
r-patched-linux-x86_64 | 1.2.1 | 29.89 | 231.86 | 261.75 | OK | |
r-release-linux-x86_64 | 1.2.1 | 21.07 | 229.54 | 250.61 | OK | |
r-release-macos-arm64 | 1.2.1 | 58.00 | NOTE | |||
r-release-macos-x86_64 | 1.2.1 | 7.00 | ERROR | |||
r-release-windows-x86_64 | 1.2.1 | 39.00 | 478.00 | 517.00 | OK | |
r-oldrel-macos-arm64 | 1.2.1 | 9.00 | ERROR | |||
r-oldrel-macos-x86_64 | 1.2.1 | 11.00 | ERROR | |||
r-oldrel-windows-ix86+x86_64 | 1.2.1 | 46.00 | 258.00 | 304.00 | OK |
Version: 1.2.1
Check: package dependencies
Result: NOTE
Imports includes 23 non-default packages.
Importing from so many packages makes the package vulnerable to any of
them becoming unavailable. Move as many as possible to Suggests and
use conditionally.
Flavor: r-devel-linux-x86_64-fedora-clang
Version: 1.2.1
Check: dependencies in R code
Result: NOTE
Namespaces in Imports field not imported from:
‘gbm’ ‘ggfortify’ ‘tibble’ ‘tidyverse’
All declared Imports should be used.
Flavors: r-devel-linux-x86_64-fedora-clang, r-devel-linux-x86_64-fedora-gcc, r-release-macos-arm64
Version: 1.2.1
Check: package dependencies
Result: ERROR
Package required but not available: ‘pvca’
See section ‘The DESCRIPTION file’ in the ‘Writing R Extensions’
manual.
Flavors: r-release-macos-x86_64, r-oldrel-macos-arm64, r-oldrel-macos-x86_64