Last updated on 2022-08-15 08:50:09 CEST.
Flavor | Version | Tinstall | Tcheck | Ttotal | Status | Flags |
---|---|---|---|---|---|---|
r-devel-linux-x86_64-debian-clang | 0.9.2 | 1.61 | 22.74 | 24.35 | OK | |
r-devel-linux-x86_64-debian-gcc | 0.9.2 | 1.77 | 18.08 | 19.85 | OK | |
r-devel-linux-x86_64-fedora-clang | 0.9.2 | 42.58 | NOTE | |||
r-devel-linux-x86_64-fedora-gcc | 0.9.2 | 39.80 | NOTE | |||
r-devel-windows-x86_64 | 0.9.2 | 68.00 | 49.00 | 117.00 | OK | |
r-patched-linux-x86_64 | 0.9.2 | 2.11 | 21.90 | 24.01 | OK | |
r-release-linux-x86_64 | 0.9.2 | 2.00 | 22.24 | 24.24 | OK | |
r-release-macos-arm64 | 0.9.2 | 15.00 | NOTE | |||
r-release-macos-x86_64 | 0.9.2 | 22.00 | NOTE | |||
r-release-windows-x86_64 | 0.9.2 | 49.00 | 47.00 | 96.00 | OK | |
r-oldrel-macos-arm64 | 0.9.2 | 15.00 | NOTE | |||
r-oldrel-macos-x86_64 | 0.9.2 | 22.00 | NOTE | |||
r-oldrel-windows-ix86+x86_64 | 0.9.2 | 6.00 | 45.00 | 51.00 | OK |
Version: 0.9.2
Check: data for non-ASCII characters
Result: NOTE
Note: found 1 marked Latin-1 string
Note: found 18 marked UTF-8 strings
Flavors: r-devel-linux-x86_64-fedora-clang, r-devel-linux-x86_64-fedora-gcc, r-release-macos-arm64, r-release-macos-x86_64, r-oldrel-macos-arm64, r-oldrel-macos-x86_64