Last updated on 2022-08-15 08:50:09 CEST.
Flavor | Version | Tinstall | Tcheck | Ttotal | Status | Flags |
---|---|---|---|---|---|---|
r-devel-linux-x86_64-debian-clang | 0.4.1 | 118.81 | 140.50 | 259.31 | OK | |
r-devel-linux-x86_64-debian-gcc | 0.4.1 | 92.80 | 109.62 | 202.42 | OK | |
r-devel-linux-x86_64-fedora-clang | 0.4.1 | 352.63 | OK | |||
r-devel-linux-x86_64-fedora-gcc | 0.4.1 | 329.75 | OK | |||
r-devel-windows-x86_64 | 0.4.1 | 106.00 | 182.00 | 288.00 | OK | |
r-patched-linux-x86_64 | 0.4.1 | 105.95 | 131.11 | 237.06 | OK | |
r-release-linux-x86_64 | 0.4.1 | 99.08 | 133.64 | 232.72 | OK | |
r-release-macos-arm64 | 0.4.1 | 88.00 | NOTE | |||
r-release-macos-x86_64 | 0.4.1 | 116.00 | NOTE | |||
r-release-windows-x86_64 | 0.4.1 | 101.00 | 191.00 | 292.00 | OK | |
r-oldrel-macos-arm64 | 0.4.1 | 91.00 | NOTE | |||
r-oldrel-macos-x86_64 | 0.4.1 | 111.00 | NOTE | |||
r-oldrel-windows-ix86+x86_64 | 0.4.1 | 268.00 | 197.00 | 465.00 | OK |
Version: 0.4.1
Check: installed package size
Result: NOTE
installed size is 6.9Mb
sub-directories of 1Mb or more:
libs 6.1Mb
Flavors: r-release-macos-arm64, r-release-macos-x86_64, r-oldrel-macos-arm64, r-oldrel-macos-x86_64