Last updated on 2022-08-15 08:50:09 CEST.
Flavor | Version | Tinstall | Tcheck | Ttotal | Status | Flags |
---|---|---|---|---|---|---|
r-devel-linux-x86_64-debian-clang | 1.0.4 | 92.48 | 74.56 | 167.04 | WARN | |
r-devel-linux-x86_64-debian-gcc | 1.0.4 | 76.40 | 56.76 | 133.16 | OK | |
r-devel-linux-x86_64-fedora-clang | 1.0.4 | 250.19 | WARN | |||
r-devel-linux-x86_64-fedora-gcc | 1.0.4 | 228.19 | OK | |||
r-devel-windows-x86_64 | 1.0.4 | 95.00 | 137.00 | 232.00 | OK | |
r-patched-linux-x86_64 | 1.0.4 | 84.41 | 71.73 | 156.14 | OK | |
r-release-linux-x86_64 | 1.0.4 | 81.86 | 73.04 | 154.90 | OK | |
r-release-macos-arm64 | 1.0.4 | 70.00 | OK | |||
r-release-macos-x86_64 | 1.0.4 | 123.00 | OK | |||
r-release-windows-x86_64 | 1.0.4 | 104.00 | 150.00 | 254.00 | OK | |
r-oldrel-macos-arm64 | 1.0.4 | 60.00 | NOTE | |||
r-oldrel-macos-x86_64 | 1.0.4 | 85.00 | OK | |||
r-oldrel-windows-ix86+x86_64 | 1.0.4 | 237.00 | 154.00 | 391.00 | OK |
Version: 1.0.4
Check: whether package can be installed
Result: WARN
Found the following significant warnings:
calcIBD.cpp:116:18: warning: use of bitwise '|' with boolean operands [-Wbitwise-instead-of-logical]
Flavors: r-devel-linux-x86_64-debian-clang, r-devel-linux-x86_64-fedora-clang
Version: 1.0.4
Check: installed package size
Result: NOTE
installed size is 5.7Mb
sub-directories of 1Mb or more:
libs 5.0Mb
Flavor: r-oldrel-macos-arm64