Last updated on 2022-08-15 08:50:09 CEST.
Flavor | Version | Tinstall | Tcheck | Ttotal | Status | Flags |
---|---|---|---|---|---|---|
r-devel-linux-x86_64-debian-clang | 1.1.0 | 11.93 | 110.54 | 122.47 | OK | |
r-devel-linux-x86_64-debian-gcc | 1.1.0 | 7.62 | 77.10 | 84.72 | OK | |
r-devel-linux-x86_64-fedora-clang | 1.1.0 | 150.43 | NOTE | |||
r-devel-linux-x86_64-fedora-gcc | 1.1.0 | 143.67 | NOTE | |||
r-devel-windows-x86_64 | 1.1.0 | 102.00 | 129.00 | 231.00 | OK | |
r-patched-linux-x86_64 | 1.1.0 | 13.21 | 102.58 | 115.79 | OK | |
r-release-linux-x86_64 | 1.1.0 | 7.68 | 102.48 | 110.16 | OK | |
r-release-macos-arm64 | 1.1.0 | 32.00 | NOTE | |||
r-release-macos-x86_64 | 1.1.0 | 53.00 | NOTE | |||
r-release-windows-x86_64 | 1.1.0 | 83.00 | 126.00 | 209.00 | OK | |
r-oldrel-macos-arm64 | 1.1.0 | 37.00 | NOTE | |||
r-oldrel-macos-x86_64 | 1.1.0 | 50.00 | NOTE | |||
r-oldrel-windows-ix86+x86_64 | 1.1.0 | 16.00 | 138.00 | 154.00 | OK |
Version: 1.1.0
Check: dependencies in R code
Result: NOTE
Namespaces in Imports field not imported from:
‘Rdpack’ ‘mathjaxr’
All declared Imports should be used.
Flavors: r-devel-linux-x86_64-fedora-clang, r-devel-linux-x86_64-fedora-gcc, r-release-macos-arm64, r-release-macos-x86_64, r-oldrel-macos-arm64, r-oldrel-macos-x86_64