Last updated on 2022-08-15 08:50:09 CEST.
Flavor | Version | Tinstall | Tcheck | Ttotal | Status | Flags |
---|---|---|---|---|---|---|
r-devel-linux-x86_64-debian-clang | 0.2.6 | 9.97 | 99.92 | 109.89 | OK | |
r-devel-linux-x86_64-debian-gcc | 0.2.6 | 9.00 | 74.31 | 83.31 | OK | |
r-devel-linux-x86_64-fedora-clang | 0.2.6 | 142.04 | NOTE | |||
r-devel-linux-x86_64-fedora-gcc | 0.2.6 | 137.24 | OK | |||
r-devel-windows-x86_64 | 0.2.6 | 21.00 | 119.00 | 140.00 | OK | |
r-patched-linux-x86_64 | 0.2.6 | 15.52 | 94.23 | 109.75 | OK | |
r-release-linux-x86_64 | 0.2.6 | 9.69 | 95.12 | 104.81 | OK | |
r-release-macos-arm64 | 0.2.6 | 38.00 | OK | |||
r-release-macos-x86_64 | 0.2.6 | 78.00 | OK | |||
r-release-windows-x86_64 | 0.2.6 | 22.00 | 150.00 | 172.00 | OK | |
r-oldrel-macos-arm64 | 0.2.6 | 34.00 | OK | |||
r-oldrel-macos-x86_64 | 0.2.6 | 53.00 | OK | |||
r-oldrel-windows-ix86+x86_64 | 0.2.6 | 25.00 | 112.00 | 137.00 | OK |
Version: 0.2.6
Check: Rd cross-references
Result: NOTE
Undeclared package ‘fortunes’ in Rd xrefs
Flavor: r-devel-linux-x86_64-fedora-clang