Last updated on 2022-08-15 08:50:09 CEST.
Flavor | Version | Tinstall | Tcheck | Ttotal | Status | Flags |
---|---|---|---|---|---|---|
r-devel-linux-x86_64-debian-clang | 0.1.4 | 6.23 | 57.83 | 64.06 | OK | |
r-devel-linux-x86_64-debian-gcc | 0.1.4 | 5.08 | 42.50 | 47.58 | OK | |
r-devel-linux-x86_64-fedora-clang | 0.1.4 | 87.88 | NOTE | |||
r-devel-linux-x86_64-fedora-gcc | 0.1.4 | 82.84 | NOTE | |||
r-devel-windows-x86_64 | 0.1.4 | 67.00 | 77.00 | 144.00 | OK | |
r-patched-linux-x86_64 | 0.1.4 | 6.28 | 54.56 | 60.84 | OK | |
r-release-linux-x86_64 | 0.1.4 | 4.86 | 53.18 | 58.04 | OK | |
r-release-macos-arm64 | 0.1.4 | 26.00 | NOTE | |||
r-release-macos-x86_64 | 0.1.4 | 45.00 | NOTE | |||
r-release-windows-x86_64 | 0.1.4 | 51.00 | 78.00 | 129.00 | OK | |
r-oldrel-macos-arm64 | 0.1.4 | 26.00 | NOTE | |||
r-oldrel-macos-x86_64 | 0.1.4 | 35.00 | NOTE | |||
r-oldrel-windows-ix86+x86_64 | 0.1.4 | 21.00 | 72.00 | 93.00 | OK |
Version: 0.1.4
Check: dependencies in R code
Result: NOTE
Namespace in Imports field not imported from: ‘tibble’
All declared Imports should be used.
Flavors: r-devel-linux-x86_64-fedora-clang, r-devel-linux-x86_64-fedora-gcc, r-release-macos-arm64, r-release-macos-x86_64, r-oldrel-macos-arm64, r-oldrel-macos-x86_64