Last updated on 2022-08-15 08:50:09 CEST.
Flavor | Version | Tinstall | Tcheck | Ttotal | Status | Flags |
---|---|---|---|---|---|---|
r-devel-linux-x86_64-debian-clang | 0.3.0 | 91.35 | 124.52 | 215.87 | OK | |
r-devel-linux-x86_64-debian-gcc | 0.3.0 | 76.21 | 93.04 | 169.25 | OK | |
r-devel-linux-x86_64-fedora-clang | 0.3.0 | 298.08 | OK | |||
r-devel-linux-x86_64-fedora-gcc | 0.3.0 | 275.46 | OK | |||
r-devel-windows-x86_64 | 0.3.0 | 77.00 | 169.00 | 246.00 | OK | |
r-patched-linux-x86_64 | 0.3.0 | 85.22 | 116.73 | 201.95 | OK | |
r-release-linux-x86_64 | 0.3.0 | 87.25 | 116.62 | 203.87 | OK | |
r-release-macos-arm64 | 0.3.0 | 97.00 | NOTE | |||
r-release-macos-x86_64 | 0.3.0 | 165.00 | NOTE | |||
r-release-windows-x86_64 | 0.3.0 | 84.00 | 187.00 | 271.00 | OK | |
r-oldrel-macos-arm64 | 0.3.0 | 107.00 | NOTE | |||
r-oldrel-macos-x86_64 | 0.3.0 | 135.00 | NOTE | |||
r-oldrel-windows-ix86+x86_64 | 0.3.0 | 225.00 | 201.00 | 426.00 | NOTE |
Version: 0.3.0
Check: installed package size
Result: NOTE
installed size is 7.2Mb
sub-directories of 1Mb or more:
data 2.3Mb
libs 4.6Mb
Flavors: r-release-macos-arm64, r-release-macos-x86_64, r-oldrel-macos-arm64, r-oldrel-macos-x86_64, r-oldrel-windows-ix86+x86_64