Last updated on 2022-08-15 08:50:09 CEST.
Flavor | Version | Tinstall | Tcheck | Ttotal | Status | Flags |
---|---|---|---|---|---|---|
r-devel-linux-x86_64-debian-clang | 3.4.1 | 10.98 | 90.79 | 101.77 | NOTE | |
r-devel-linux-x86_64-debian-gcc | 3.4.1 | 9.24 | 66.81 | 76.05 | NOTE | |
r-devel-linux-x86_64-fedora-clang | 3.4.1 | 129.90 | NOTE | |||
r-devel-linux-x86_64-fedora-gcc | 3.4.1 | 123.49 | NOTE | |||
r-devel-windows-x86_64 | 3.4.1 | 18.00 | 105.00 | 123.00 | NOTE | |
r-patched-linux-x86_64 | 3.4.1 | 11.53 | 83.06 | 94.59 | OK | |
r-release-linux-x86_64 | 3.4.1 | 11.52 | 82.73 | 94.25 | OK | |
r-release-macos-arm64 | 3.4.1 | 34.00 | OK | |||
r-release-macos-x86_64 | 3.4.1 | 50.00 | OK | |||
r-release-windows-x86_64 | 3.4.1 | 24.00 | 108.00 | 132.00 | OK | |
r-oldrel-macos-arm64 | 3.4.1 | 45.00 | OK | |||
r-oldrel-macos-x86_64 | 3.4.1 | 59.00 | OK | |||
r-oldrel-windows-ix86+x86_64 | 3.4.1 | 22.00 | 104.00 | 126.00 | OK |
Version: 3.4.1
Check: Rd files
Result: NOTE
checkRd: (-1) stdGlm.Rd:93: Escaped LaTeX specials: \&
Flavors: r-devel-linux-x86_64-debian-clang, r-devel-linux-x86_64-debian-gcc, r-devel-linux-x86_64-fedora-clang, r-devel-linux-x86_64-fedora-gcc, r-devel-windows-x86_64