Last updated on 2022-08-15 08:50:10 CEST.
Flavor | Version | Tinstall | Tcheck | Ttotal | Status | Flags |
---|---|---|---|---|---|---|
r-devel-linux-x86_64-debian-clang | 2.1-3 | 242.16 | 362.88 | 605.04 | OK | |
r-devel-linux-x86_64-debian-gcc | 2.1-3 | 183.28 | 260.88 | 444.16 | OK | |
r-devel-linux-x86_64-fedora-clang | 2.1-3 | 817.60 | OK | |||
r-devel-linux-x86_64-fedora-gcc | 2.1-3 | 751.41 | OK | |||
r-devel-windows-x86_64 | 2.1-3 | 193.00 | 429.00 | 622.00 | OK | |
r-patched-linux-x86_64 | 2.1-3 | 211.93 | 338.92 | 550.85 | OK | |
r-release-linux-x86_64 | 2.1-3 | 200.39 | 344.28 | 544.67 | OK | |
r-release-macos-arm64 | 2.1-3 | 169.00 | NOTE | |||
r-release-macos-x86_64 | 2.1-3 | 285.00 | NOTE | |||
r-release-windows-x86_64 | 2.1-3 | 198.00 | 457.00 | 655.00 | OK | |
r-oldrel-macos-arm64 | 2.1-3 | 231.00 | NOTE | |||
r-oldrel-macos-x86_64 | 2.1-3 | 230.00 | NOTE | |||
r-oldrel-windows-ix86+x86_64 | 2.1-3 | 574.00 | 700.00 | 1274.00 | OK |
Version: 2.1-3
Check: installed package size
Result: NOTE
installed size is 6.2Mb
sub-directories of 1Mb or more:
libs 5.0Mb
Flavors: r-release-macos-arm64, r-release-macos-x86_64, r-oldrel-macos-arm64, r-oldrel-macos-x86_64