Last updated on 2022-08-15 08:50:10 CEST.
Flavor | Version | Tinstall | Tcheck | Ttotal | Status | Flags |
---|---|---|---|---|---|---|
r-devel-linux-x86_64-debian-clang | 0.99.8 | 69.12 | 303.71 | 372.83 | WARN | |
r-devel-linux-x86_64-debian-gcc | 0.99.8 | 51.66 | 222.15 | 273.81 | OK | |
r-devel-linux-x86_64-fedora-clang | 0.99.8 | 454.20 | WARN | |||
r-devel-linux-x86_64-fedora-gcc | 0.99.8 | 446.22 | OK | |||
r-devel-windows-x86_64 | 0.99.8 | 60.00 | 304.00 | 364.00 | OK | |
r-patched-linux-x86_64 | 0.99.8 | 63.60 | 289.44 | 353.04 | OK | |
r-release-linux-x86_64 | 0.99.8 | 59.37 | 291.16 | 350.53 | OK | |
r-release-macos-arm64 | 0.99.8 | 89.00 | OK | |||
r-release-macos-x86_64 | 0.99.8 | 166.00 | OK | |||
r-release-windows-x86_64 | 0.99.8 | 59.00 | 303.00 | 362.00 | OK | |
r-oldrel-macos-arm64 | 0.99.8 | 108.00 | OK | |||
r-oldrel-macos-x86_64 | 0.99.8 | 193.00 | OK | |||
r-oldrel-windows-ix86+x86_64 | 0.99.8 | 152.00 | 406.00 | 558.00 | OK |
Version: 0.99.8
Check: whether package can be installed
Result: WARN
Found the following significant warnings:
rcpp_cov_est1d.cpp:45:8: warning: use of bitwise '&' with boolean operands [-Wbitwise-instead-of-logical]
rcpp_cov_est1d.cpp:50:14: warning: use of bitwise '&' with boolean operands [-Wbitwise-instead-of-logical]
Flavors: r-devel-linux-x86_64-debian-clang, r-devel-linux-x86_64-fedora-clang