Last updated on 2022-08-15 08:50:10 CEST.
Flavor | Version | Tinstall | Tcheck | Ttotal | Status | Flags |
---|---|---|---|---|---|---|
r-devel-linux-x86_64-debian-clang | 0.5.1 | 32.82 | 42.82 | 75.64 | NOTE | |
r-devel-linux-x86_64-debian-gcc | 0.5.1 | 25.26 | 32.63 | 57.89 | NOTE | |
r-devel-linux-x86_64-fedora-clang | 0.5.1 | 113.03 | NOTE | |||
r-devel-linux-x86_64-fedora-gcc | 0.5.1 | 101.37 | NOTE | |||
r-devel-windows-x86_64 | 0.5.1 | 32.00 | 78.00 | 110.00 | NOTE | |
r-patched-linux-x86_64 | 0.5.1 | 28.43 | 41.35 | 69.78 | NOTE | |
r-release-linux-x86_64 | 0.5.1 | 24.15 | 41.46 | 65.61 | NOTE | |
r-release-macos-arm64 | 0.5.1 | 28.00 | NOTE | |||
r-release-macos-x86_64 | 0.5.1 | 43.00 | NOTE | |||
r-release-windows-x86_64 | 0.5.1 | 34.00 | 82.00 | 116.00 | NOTE | |
r-oldrel-macos-arm64 | 0.5.1 | 31.00 | NOTE | |||
r-oldrel-macos-x86_64 | 0.5.1 | 56.00 | NOTE | |||
r-oldrel-windows-ix86+x86_64 | 0.5.1 | 80.00 | 90.00 | 170.00 | NOTE |
Version: 0.5.1
Check: LazyData
Result: NOTE
'LazyData' is specified without a 'data' directory
Flavors: r-devel-linux-x86_64-debian-clang, r-devel-linux-x86_64-debian-gcc, r-devel-linux-x86_64-fedora-clang, r-devel-linux-x86_64-fedora-gcc, r-devel-windows-x86_64, r-patched-linux-x86_64, r-release-linux-x86_64, r-release-macos-arm64, r-release-macos-x86_64, r-release-windows-x86_64, r-oldrel-macos-arm64, r-oldrel-macos-x86_64, r-oldrel-windows-ix86+x86_64
Version: 0.5.1
Check: compiled code
Result: NOTE
File ‘stlplus/libs/stlplus.so’:
Found no calls to: ‘R_registerRoutines’, ‘R_useDynamicSymbols’
It is good practice to register native routines and to disable symbol
search.
See ‘Writing portable packages’ in the ‘Writing R Extensions’ manual.
Flavors: r-devel-linux-x86_64-fedora-clang, r-devel-linux-x86_64-fedora-gcc