Last updated on 2022-08-15 08:50:10 CEST.
Flavor | Version | Tinstall | Tcheck | Ttotal | Status | Flags |
---|---|---|---|---|---|---|
r-devel-linux-x86_64-debian-clang | 1.3 | 1.73 | 41.62 | 43.35 | NOTE | |
r-devel-linux-x86_64-debian-gcc | 1.3 | 1.57 | 31.39 | 32.96 | NOTE | |
r-devel-linux-x86_64-fedora-clang | 1.3 | 63.32 | NOTE | |||
r-devel-linux-x86_64-fedora-gcc | 1.3 | 64.25 | NOTE | |||
r-devel-windows-x86_64 | 1.3 | 14.00 | 68.00 | 82.00 | OK | |
r-patched-linux-x86_64 | 1.3 | 2.62 | 39.27 | 41.89 | NOTE | |
r-release-linux-x86_64 | 1.3 | 2.43 | 40.60 | 43.03 | NOTE | |
r-release-macos-arm64 | 1.3 | 21.00 | NOTE | |||
r-release-macos-x86_64 | 1.3 | 29.00 | NOTE | |||
r-release-windows-x86_64 | 1.3 | 16.00 | 69.00 | 85.00 | OK | |
r-oldrel-macos-arm64 | 1.3 | 25.00 | NOTE | |||
r-oldrel-macos-x86_64 | 1.3 | 33.00 | NOTE | |||
r-oldrel-windows-ix86+x86_64 | 1.3 | 8.00 | 62.00 | 70.00 | OK |
Version: 1.3
Check: for non-standard things in the check directory
Result: NOTE
Found the following files/directories:
'corrviz.html'
Flavors: r-devel-linux-x86_64-debian-clang, r-devel-linux-x86_64-debian-gcc, r-devel-linux-x86_64-fedora-clang, r-devel-linux-x86_64-fedora-gcc, r-patched-linux-x86_64, r-release-linux-x86_64
Version: 1.3
Check: dependencies in R code
Result: NOTE
Namespaces in Imports field not imported from:
‘SnowballC’ ‘tm’
All declared Imports should be used.
Flavors: r-devel-linux-x86_64-fedora-clang, r-devel-linux-x86_64-fedora-gcc, r-release-macos-arm64, r-release-macos-x86_64, r-oldrel-macos-arm64, r-oldrel-macos-x86_64