Last updated on 2022-08-15 08:50:10 CEST.
Flavor | Version | Tinstall | Tcheck | Ttotal | Status | Flags |
---|---|---|---|---|---|---|
r-devel-linux-x86_64-debian-clang | 1.0.0 | 61.70 | 23.57 | 85.27 | OK | |
r-devel-linux-x86_64-debian-gcc | 1.0.0 | 53.83 | 18.46 | 72.29 | OK | |
r-devel-linux-x86_64-fedora-clang | 1.0.0 | 135.43 | OK | |||
r-devel-linux-x86_64-fedora-gcc | 1.0.0 | 126.18 | OK | |||
r-devel-windows-x86_64 | 1.0.0 | 68.00 | 54.00 | 122.00 | OK | |
r-patched-linux-x86_64 | 1.0.0 | 54.11 | 22.53 | 76.64 | OK | |
r-release-linux-x86_64 | 1.0.0 | 54.86 | 22.93 | 77.79 | OK | |
r-release-macos-arm64 | 1.0.0 | 43.00 | OK | |||
r-release-macos-x86_64 | 1.0.0 | 48.00 | OK | |||
r-release-windows-x86_64 | 1.0.0 | 68.00 | 53.00 | 121.00 | OK | |
r-oldrel-macos-arm64 | 1.0.0 | 38.00 | OK | |||
r-oldrel-macos-x86_64 | 1.0.0 | 51.00 | OK | |||
r-oldrel-windows-ix86+x86_64 | 1.0.0 | 167.00 | 48.00 | 215.00 | NOTE |
Version: 1.0.0
Check: installed package size
Result: NOTE
installed size is 7.0Mb
sub-directories of 1Mb or more:
bin 6.9Mb
Flavor: r-oldrel-windows-ix86+x86_64