Last updated on 2022-08-15 08:50:10 CEST.
Flavor | Version | Tinstall | Tcheck | Ttotal | Status | Flags |
---|---|---|---|---|---|---|
r-devel-linux-x86_64-debian-clang | 2.3 | 2.51 | 25.49 | 28.00 | OK | |
r-devel-linux-x86_64-debian-gcc | 2.3 | 1.61 | 20.34 | 21.95 | OK | |
r-devel-linux-x86_64-fedora-clang | 2.3 | 45.50 | NOTE | |||
r-devel-linux-x86_64-fedora-gcc | 2.3 | 45.47 | NOTE | |||
r-devel-windows-x86_64 | 2.3 | 22.00 | 52.00 | 74.00 | OK | |
r-patched-linux-x86_64 | 2.3 | 2.68 | 24.80 | 27.48 | OK | |
r-release-linux-x86_64 | 2.3 | 2.04 | 24.70 | 26.74 | OK | |
r-release-macos-arm64 | 2.3 | 16.00 | NOTE | |||
r-release-macos-x86_64 | 2.3 | 25.00 | NOTE | |||
r-release-windows-x86_64 | 2.3 | 30.00 | 50.00 | 80.00 | OK | |
r-oldrel-macos-arm64 | 2.3 | 17.00 | NOTE | |||
r-oldrel-macos-x86_64 | 2.3 | 23.00 | NOTE | |||
r-oldrel-windows-ix86+x86_64 | 2.3 | 6.00 | 45.00 | 51.00 | OK |
Version: 2.3
Check: data for non-ASCII characters
Result: NOTE
Note: found 22806 marked UTF-8 strings
Flavors: r-devel-linux-x86_64-fedora-clang, r-devel-linux-x86_64-fedora-gcc, r-release-macos-arm64, r-release-macos-x86_64, r-oldrel-macos-arm64, r-oldrel-macos-x86_64